Last updated on 2024-07-13 05:49:27 CEST.
Flavor | Version | Tinstall | Tcheck | Ttotal | Status | Flags |
---|---|---|---|---|---|---|
r-devel-linux-x86_64-debian-clang | 1.4 | 12.85 | 144.49 | 157.34 | OK | |
r-devel-linux-x86_64-debian-gcc | 1.4 | 7.33 | 96.29 | 103.62 | OK | |
r-devel-linux-x86_64-fedora-clang | 1.4 | 195.58 | OK | |||
r-devel-linux-x86_64-fedora-gcc | 1.4 | 188.98 | OK | |||
r-devel-windows-x86_64 | 1.4 | 12.00 | 124.00 | 136.00 | NOTE | |
r-patched-linux-x86_64 | 1.4 | 14.87 | 131.21 | 146.08 | OK | |
r-release-linux-x86_64 | 1.4 | 10.31 | 137.14 | 147.45 | OK | |
r-release-macos-arm64 | 1.4 | 46.00 | OK | |||
r-release-macos-x86_64 | 1.4 | 73.00 | OK | |||
r-release-windows-x86_64 | 1.4 | 10.00 | 124.00 | 134.00 | OK | |
r-oldrel-macos-arm64 | 1.4 | 47.00 | OK | |||
r-oldrel-macos-x86_64 | 1.4 | 73.00 | OK | |||
r-oldrel-windows-x86_64 | 1.4 | 14.00 | 146.00 | 160.00 | OK |
Version: 1.4
Check: Rd cross-references
Result: NOTE
Found the following Rd file(s) with Rd \link{} targets missing package
anchors:
createSaturated.Rd: FrF2, DoE.base
Please provide package anchors for all Rd \link{} targets not in the
package itself and the base packages.
Flavor: r-devel-windows-x86_64