Last updated on 2025-11-16 12:49:45 CET.
| Flavor | Version | Tinstall | Tcheck | Ttotal | Status | Flags |
|---|---|---|---|---|---|---|
| r-devel-linux-x86_64-debian-clang | 1.1.2 | 13.58 | 100.46 | 114.04 | OK | |
| r-devel-linux-x86_64-debian-gcc | 1.1.2 | 10.00 | 76.55 | 86.55 | OK | |
| r-devel-linux-x86_64-fedora-clang | 1.1.2 | 31.00 | 142.84 | 173.84 | NOTE | |
| r-devel-linux-x86_64-fedora-gcc | 1.1.2 | 27.00 | 135.81 | 162.81 | NOTE | |
| r-devel-windows-x86_64 | 1.1.2 | 19.00 | 101.00 | 120.00 | OK | |
| r-patched-linux-x86_64 | 1.1.2 | 11.81 | 95.44 | 107.25 | OK | |
| r-release-linux-x86_64 | 1.1.2 | 12.47 | 95.86 | 108.33 | OK | |
| r-release-macos-arm64 | 1.1.2 | 5.00 | 44.00 | 49.00 | OK | |
| r-release-macos-x86_64 | 1.1.2 | 12.00 | 74.00 | 86.00 | OK | |
| r-release-windows-x86_64 | 1.1.2 | 14.00 | 100.00 | 114.00 | OK | |
| r-oldrel-macos-arm64 | 1.1.2 | 5.00 | 38.00 | 43.00 | OK | |
| r-oldrel-macos-x86_64 | 1.1.2 | 8.00 | 61.00 | 69.00 | OK | |
| r-oldrel-windows-x86_64 | 1.1.2 | 19.00 | 130.00 | 149.00 | OK |
Version: 1.1.2
Check: dependencies in R code
Result: NOTE
Namespace in Imports field not imported from: ‘rlist’
All declared Imports should be used.
Flavors: r-devel-linux-x86_64-fedora-clang, r-devel-linux-x86_64-fedora-gcc