Last updated on 2024-07-01 00:49:56 CEST.
Flavor | Version | Tinstall | Tcheck | Ttotal | Status | Flags |
---|---|---|---|---|---|---|
r-devel-linux-x86_64-debian-clang | 0.0.0.1 | 11.79 | 89.54 | 101.33 | NOTE | |
r-devel-linux-x86_64-debian-gcc | 0.0.0.1 | 8.30 | 65.76 | 74.06 | NOTE | |
r-devel-linux-x86_64-fedora-clang | 0.0.0.1 | 126.56 | NOTE | |||
r-devel-linux-x86_64-fedora-gcc | 0.0.0.1 | 171.34 | NOTE | |||
r-devel-windows-x86_64 | 0.0.0.1 | 10.00 | 82.00 | 92.00 | NOTE | |
r-patched-linux-x86_64 | 0.0.0.1 | 10.63 | 84.66 | 95.29 | NOTE | |
r-release-linux-x86_64 | 0.0.0.1 | 10.62 | 85.64 | 96.26 | NOTE | |
r-release-macos-arm64 | 0.0.0.1 | 52.00 | NOTE | |||
r-release-macos-x86_64 | 0.0.0.1 | 82.00 | NOTE | |||
r-release-windows-x86_64 | 0.0.0.1 | 10.00 | 83.00 | 93.00 | NOTE | |
r-oldrel-macos-arm64 | 0.0.0.1 | 52.00 | OK | |||
r-oldrel-macos-x86_64 | 0.0.0.1 | 105.00 | OK | |||
r-oldrel-windows-x86_64 | 0.0.0.1 | 12.00 | 101.00 | 113.00 | OK |
Version: 0.0.0.1
Check: Rd files
Result: NOTE
checkRd: (-1) counterfactual_yhat.Rd:47: Lost braces; missing escapes or markup?
47 | We want the counterfactual Yhat_{g' <- G} |X=x,G=g (or alternatively
| ^
checkRd: (-1) counterfactual_yhat.Rd:48: Lost braces; missing escapes or markup?
48 | Yhat_{g' <- G} |G=g).
| ^
checkRd: (-1) counterfactual_yhat.Rd:58: Lost braces; missing escapes or markup?
58 | To estimate Y'=Yhat_{g' <- G} | G=g, we need to
| ^
checkRd: (-1) counterfactual_yhat.Rd:65: Lost braces; missing escapes or markup?
65 | To estimate Y'=Yhat_{g' <- G} |X=x, G=g, we need to
| ^
checkRd: (-1) counterfactual_yhat.Rd:27: Lost braces; missing escapes or markup?
27 | indices representing sample(s) from counterfactual Yhat_{g' <- G} |X=x,G=g
| ^
Flavors: r-devel-linux-x86_64-debian-clang, r-devel-linux-x86_64-debian-gcc, r-devel-linux-x86_64-fedora-clang, r-devel-linux-x86_64-fedora-gcc, r-devel-windows-x86_64, r-patched-linux-x86_64, r-release-linux-x86_64, r-release-macos-arm64, r-release-macos-x86_64, r-release-windows-x86_64