Last updated on 2024-06-27 16:49:16 CEST.
Flavor | Version | Tinstall | Tcheck | Ttotal | Status | Flags |
---|---|---|---|---|---|---|
r-devel-linux-x86_64-debian-clang | 1.2.0 | OK | ||||
r-devel-linux-x86_64-debian-gcc | 1.2.0 | 21.30 | 472.36 | 493.66 | OK | |
r-devel-linux-x86_64-fedora-clang | 1.2.0 | 808.79 | NOTE | |||
r-devel-linux-x86_64-fedora-gcc | 1.2.0 | 903.38 | NOTE | |||
r-devel-windows-x86_64 | 1.2.0 | 27.00 | 636.00 | 663.00 | OK | |
r-patched-linux-x86_64 | 1.2.0 | 25.50 | 643.29 | 668.79 | OK | |
r-release-linux-x86_64 | 1.2.0 | 19.97 | 662.84 | 682.81 | OK | |
r-release-macos-arm64 | 1.2.0 | 284.00 | OK | |||
r-release-macos-x86_64 | 1.2.0 | 426.00 | OK | |||
r-release-windows-x86_64 | 1.2.0 | 28.00 | 669.00 | 697.00 | OK | |
r-oldrel-macos-arm64 | 1.2.0 | 350.00 | OK | |||
r-oldrel-macos-x86_64 | 1.2.0 | 502.00 | OK | |||
r-oldrel-windows-x86_64 | 1.2.0 | 34.00 | 717.00 | 751.00 | OK |
Version: 1.2.0
Check: dependencies in R code
Result: NOTE
Namespaces in Imports field not imported from:
‘future’ ‘geosphere’ ‘lubridate’ ‘tidyverse’ ‘viridis’
All declared Imports should be used.
Flavors: r-devel-linux-x86_64-fedora-clang, r-devel-linux-x86_64-fedora-gcc