Last updated on 2024-07-13 11:49:29 CEST.
Flavor | Version | Tinstall | Tcheck | Ttotal | Status | Flags |
---|---|---|---|---|---|---|
r-devel-linux-x86_64-debian-clang | 1.0.0 | 10.47 | 155.69 | 166.16 | NOTE | |
r-devel-linux-x86_64-debian-gcc | 1.0.0 | 8.84 | 118.33 | 127.17 | NOTE | |
r-devel-linux-x86_64-fedora-clang | 1.0.0 | 218.30 | NOTE | |||
r-devel-linux-x86_64-fedora-gcc | 1.0.0 | 239.08 | NOTE | |||
r-devel-windows-x86_64 | 1.0.0 | 11.00 | 135.00 | 146.00 | NOTE | |
r-patched-linux-x86_64 | 1.0.0 | 7.62 | 153.29 | 160.91 | NOTE | |
r-release-linux-x86_64 | 1.0.0 | 7.17 | 148.82 | 155.99 | NOTE | |
r-release-macos-arm64 | 1.0.0 | 65.00 | NOTE | |||
r-release-macos-x86_64 | 1.0.0 | 95.00 | NOTE | |||
r-release-windows-x86_64 | 1.0.0 | 12.00 | 139.00 | 151.00 | NOTE | |
r-oldrel-macos-arm64 | 1.0.0 | 74.00 | NOTE | |||
r-oldrel-macos-x86_64 | 1.0.0 | 109.00 | NOTE | |||
r-oldrel-windows-x86_64 | 1.0.0 | 14.00 | 164.00 | 178.00 | NOTE |
Version: 1.0.0
Check: package subdirectories
Result: NOTE
Problems with news in ‘NEWS.md’:
Cannot extract version info from the following section titles:
Additional functions and data sets
Amendments to functions
Flavors: r-devel-linux-x86_64-debian-clang, r-devel-linux-x86_64-debian-gcc, r-devel-linux-x86_64-fedora-clang, r-devel-linux-x86_64-fedora-gcc, r-devel-windows-x86_64, r-patched-linux-x86_64, r-release-linux-x86_64, r-release-macos-arm64, r-release-macos-x86_64, r-release-windows-x86_64, r-oldrel-macos-arm64, r-oldrel-macos-x86_64, r-oldrel-windows-x86_64