Last updated on 2025-11-16 18:49:43 CET.
| Flavor | Version | Tinstall | Tcheck | Ttotal | Status | Flags |
|---|---|---|---|---|---|---|
| r-devel-linux-x86_64-debian-clang | 1.0 | 20.58 | 46.75 | 67.33 | NOTE | |
| r-devel-linux-x86_64-debian-gcc | 1.0 | 13.24 | 36.58 | 49.82 | NOTE | |
| r-devel-linux-x86_64-fedora-clang | 1.0 | 34.00 | 76.92 | 110.92 | OK | |
| r-devel-linux-x86_64-fedora-gcc | 1.0 | 46.00 | 58.20 | 104.20 | OK | |
| r-devel-windows-x86_64 | 1.0 | 33.00 | 86.00 | 119.00 | OK | |
| r-patched-linux-x86_64 | 1.0 | 19.92 | 45.20 | 65.12 | OK | |
| r-release-linux-x86_64 | 1.0 | 19.17 | 46.05 | 65.22 | OK | |
| r-release-macos-arm64 | 1.0 | 11.00 | 30.00 | 41.00 | OK | |
| r-release-macos-x86_64 | 1.0 | 15.00 | 61.00 | 76.00 | OK | |
| r-release-windows-x86_64 | 1.0 | 26.00 | 85.00 | 111.00 | OK | |
| r-oldrel-macos-arm64 | 1.0 | 10.00 | 26.00 | 36.00 | OK | |
| r-oldrel-macos-x86_64 | 1.0 | 13.00 | 49.00 | 62.00 | OK | |
| r-oldrel-windows-x86_64 | 1.0 | 30.00 | 108.00 | 138.00 | OK |
Version: 1.0
Check: CRAN incoming feasibility
Result: NOTE
Maintainer: ‘Niloy Biswas <niloy_biswas@g.harvard.edu>’
The Description field contains
<arXiv:2204.01668>.
Please refer to arXiv e-prints via their arXiv DOI <doi:10.48550/arXiv.YYMM.NNNNN>.
Flavors: r-devel-linux-x86_64-debian-clang, r-devel-linux-x86_64-debian-gcc