Last updated on 2025-04-29 13:51:40 CEST.
Flavor | Version | Tinstall | Tcheck | Ttotal | Status | Flags |
---|---|---|---|---|---|---|
r-devel-linux-x86_64-debian-clang | 1.0.0 | 2.32 | 20.14 | 22.46 | NOTE | |
r-devel-linux-x86_64-debian-gcc | 1.0.0 | 1.67 | 15.77 | 17.44 | NOTE | |
r-devel-linux-x86_64-fedora-clang | 1.0.0 | 34.25 | OK | |||
r-devel-linux-x86_64-fedora-gcc | 1.0.0 | 33.29 | OK | |||
r-devel-windows-x86_64 | 1.0.0 | 4.00 | 42.00 | 46.00 | OK | |
r-patched-linux-x86_64 | 1.0.0 | 2.57 | 19.35 | 21.92 | OK | |
r-release-linux-x86_64 | 1.0.0 | 2.27 | 19.32 | 21.59 | OK | |
r-release-macos-arm64 | 1.0.0 | 16.00 | OK | |||
r-release-macos-x86_64 | 1.0.0 | 23.00 | OK | |||
r-release-windows-x86_64 | 1.0.0 | 4.00 | 42.00 | 46.00 | OK | |
r-oldrel-macos-arm64 | 1.0.0 | 15.00 | NOTE | |||
r-oldrel-macos-x86_64 | 1.0.0 | 21.00 | NOTE | |||
r-oldrel-windows-x86_64 | 1.0.0 | 3.00 | 41.00 | 44.00 | NOTE |
Version: 1.0.0
Check: CRAN incoming feasibility
Result: NOTE
Maintainer: ‘Laercio Junio da Silva <laerciojdsilva@gmail.com>’
No Authors@R field in DESCRIPTION.
Please add one, modifying
Authors@R: c(person(given = c("Laercio", "Junio", "da"),
family = "Silva",
role = c("aut", "cre"),
email = "laerciojdsilva@gmail.com"),
person(given = c("Andre", "Danta", "de", "Medeiros", "e", "Ariadne", "Morbeck", "Santos"),
family = "Oliveira",
role = "aut"))
as necessary.
The Description field contains
T90, in Farooq et al. (2005) <10.1111/j.1744-7909.2005.00031.x>; and
(2005) <10.1590/S0100-84042005000300018>, and Variance of Germination,
Please write DOIs as <doi:prefix/suffix>.
Flavors: r-devel-linux-x86_64-debian-clang, r-devel-linux-x86_64-debian-gcc
Version: 1.0.0
Check: LazyData
Result: NOTE
'LazyData' is specified without a 'data' directory
Flavors: r-oldrel-macos-arm64, r-oldrel-macos-x86_64, r-oldrel-windows-x86_64