Last updated on 2025-04-29 13:51:40 CEST.
Flavor | Version | Tinstall | Tcheck | Ttotal | Status | Flags |
---|---|---|---|---|---|---|
r-devel-linux-x86_64-debian-clang | 2.2 | 2.06 | 20.33 | 22.39 | NOTE | |
r-devel-linux-x86_64-debian-gcc | 2.2 | 1.49 | 16.42 | 17.91 | NOTE | |
r-devel-linux-x86_64-fedora-clang | 2.2 | 35.50 | OK | |||
r-devel-linux-x86_64-fedora-gcc | 2.2 | 33.87 | OK | |||
r-devel-windows-x86_64 | 2.2 | 3.00 | 41.00 | 44.00 | OK | |
r-patched-linux-x86_64 | 2.2 | 2.16 | 19.65 | 21.81 | OK | |
r-release-linux-x86_64 | 2.2 | 1.98 | 19.43 | 21.41 | OK | |
r-release-macos-arm64 | 2.2 | 17.00 | OK | |||
r-release-macos-x86_64 | 2.2 | 26.00 | OK | |||
r-release-windows-x86_64 | 2.2 | 3.00 | 41.00 | 44.00 | OK | |
r-oldrel-macos-arm64 | 2.2 | 16.00 | OK | |||
r-oldrel-macos-x86_64 | 2.2 | 22.00 | OK | |||
r-oldrel-windows-x86_64 | 2.2 | 3.00 | 40.00 | 43.00 | OK |
Version: 2.2
Check: CRAN incoming feasibility
Result: NOTE
Maintainer: ‘Dylan Small <dsmall@wharton.upenn.edu>’
No Authors@R field in DESCRIPTION.
Please add one, modifying
Authors@R: person(given = "Dylan",
family = "Small",
role = c("aut", "cre"),
email = "dsmall@wharton.upenn.edu")
as necessary.
Flavors: r-devel-linux-x86_64-debian-clang, r-devel-linux-x86_64-debian-gcc