Last updated on 2025-04-30 01:50:36 CEST.
Flavor | Version | Tinstall | Tcheck | Ttotal | Status | Flags |
---|---|---|---|---|---|---|
r-devel-linux-x86_64-debian-clang | 0.0.8 | 19.94 | 40.77 | 60.71 | NOTE | |
r-devel-linux-x86_64-debian-gcc | 0.0.8 | 14.61 | 31.31 | 45.92 | NOTE | |
r-devel-linux-x86_64-fedora-clang | 0.0.8 | 107.59 | OK | |||
r-devel-linux-x86_64-fedora-gcc | 0.0.8 | 119.44 | OK | |||
r-devel-windows-x86_64 | 0.0.8 | 28.00 | 86.00 | 114.00 | OK | |
r-patched-linux-x86_64 | 0.0.8 | 18.73 | 38.79 | 57.52 | OK | |
r-release-linux-x86_64 | 0.0.8 | 19.38 | 38.60 | 57.98 | OK | |
r-release-macos-arm64 | 0.0.8 | 47.00 | OK | |||
r-release-macos-x86_64 | 0.0.8 | 63.00 | OK | |||
r-release-windows-x86_64 | 0.0.8 | 29.00 | 88.00 | 117.00 | OK | |
r-oldrel-macos-arm64 | 0.0.8 | 41.00 | OK | |||
r-oldrel-macos-x86_64 | 0.0.8 | 54.00 | OK | |||
r-oldrel-windows-x86_64 | 0.0.8 | 32.00 | 99.00 | 131.00 | NOTE |
Version: 0.0.8
Check: CRAN incoming feasibility
Result: NOTE
Maintainer: ‘Paul C. Boutros <pboutros@mednet.ucla.edu>’
No Authors@R field in DESCRIPTION.
Please add one, modifying
Authors@R: c(person(given = "Fouad",
family = "Yousif",
role = "aut"),
person(given = "Xihui",
family = "Lin",
role = "aut"),
person(given = "Fan",
family = "Fan",
role = "aut"),
person(given = "Christopher",
family = "Lalansingh",
role = "aut"),
person(given = "John",
family = "Macdonald",
role = "aut"),
person(given = c("Paul", "C."),
family = "Boutros",
role = "cre",
email = "pboutros@mednet.ucla.edu"))
as necessary.
Flavors: r-devel-linux-x86_64-debian-clang, r-devel-linux-x86_64-debian-gcc
Version: 0.0.8
Check: package dependencies
Result: NOTE
Package suggested but not available for checking: 'doMC'
Flavor: r-oldrel-windows-x86_64