Last updated on 2025-04-29 13:51:40 CEST.
Flavor | Version | Tinstall | Tcheck | Ttotal | Status | Flags |
---|---|---|---|---|---|---|
r-devel-linux-x86_64-debian-clang | 0.1.0 | 2.00 | 25.16 | 27.16 | NOTE | |
r-devel-linux-x86_64-debian-gcc | 0.1.0 | 1.68 | 20.15 | 21.83 | NOTE | |
r-devel-linux-x86_64-fedora-clang | 0.1.0 | 43.85 | OK | |||
r-devel-linux-x86_64-fedora-gcc | 0.1.0 | 48.73 | OK | |||
r-devel-windows-x86_64 | 0.1.0 | 3.00 | 50.00 | 53.00 | OK | |
r-patched-linux-x86_64 | 0.1.0 | 2.05 | 25.71 | 27.76 | OK | |
r-release-linux-x86_64 | 0.1.0 | 2.29 | 25.81 | 28.10 | OK | |
r-release-macos-arm64 | 0.1.0 | 18.00 | OK | |||
r-release-macos-x86_64 | 0.1.0 | 32.00 | OK | |||
r-release-windows-x86_64 | 0.1.0 | 3.00 | 52.00 | 55.00 | OK | |
r-oldrel-macos-arm64 | 0.1.0 | 18.00 | NOTE | |||
r-oldrel-macos-x86_64 | 0.1.0 | 26.00 | NOTE | |||
r-oldrel-windows-x86_64 | 0.1.0 | 3.00 | 55.00 | 58.00 | NOTE |
Version: 0.1.0
Check: CRAN incoming feasibility
Result: NOTE
Maintainer: ‘Ruiyan Luo <rluo@gsu.edu>’
No Authors@R field in DESCRIPTION.
Please add one, modifying
Authors@R: c(person(family = "Ruiyan",
role = c("aut", "cre"),
email = "rluo@gsu.edu"),
person(given = "Xin",
family = "Qi",
role = "aut"))
as necessary.
Flavors: r-devel-linux-x86_64-debian-clang, r-devel-linux-x86_64-debian-gcc
Version: 0.1.0
Check: examples
Result: NOTE
Examples with CPU (user + system) or elapsed time > 5s
user system elapsed
cv.SiER 4.87 0.037 7.163
Flavor: r-devel-linux-x86_64-debian-clang
Version: 0.1.0
Check: LazyData
Result: NOTE
'LazyData' is specified without a 'data' directory
Flavors: r-oldrel-macos-arm64, r-oldrel-macos-x86_64, r-oldrel-windows-x86_64