Last updated on 2025-10-24 18:50:08 CEST.
| Flavor | Version | Tinstall | Tcheck | Ttotal | Status | Flags |
|---|---|---|---|---|---|---|
| r-devel-linux-x86_64-debian-clang | 2.1 | 24.79 | 64.08 | 88.87 | NOTE | |
| r-devel-linux-x86_64-debian-gcc | 2.1 | 18.75 | 47.96 | 66.71 | NOTE | |
| r-devel-linux-x86_64-fedora-clang | 2.1 | 72.00 | 79.29 | 151.29 | OK | |
| r-devel-linux-x86_64-fedora-gcc | 2.1 | 48.00 | 101.32 | 149.32 | OK | |
| r-devel-windows-x86_64 | 2.1 | 34.00 | 85.00 | 119.00 | OK | |
| r-patched-linux-x86_64 | 2.1 | 28.24 | 59.94 | 88.18 | OK | |
| r-release-linux-x86_64 | 2.1 | 27.02 | 60.68 | 87.70 | OK | |
| r-release-macos-arm64 | 2.1 | 13.00 | 32.00 | 45.00 | OK | |
| r-release-macos-x86_64 | 2.1 | 20.00 | 57.00 | 77.00 | OK | |
| r-release-windows-x86_64 | 2.1 | 35.00 | 91.00 | 126.00 | OK | |
| r-oldrel-macos-arm64 | 2.1 | 10.00 | 28.00 | 38.00 | OK | |
| r-oldrel-macos-x86_64 | 2.1 | 16.00 | 42.00 | 58.00 | OK | |
| r-oldrel-windows-x86_64 | 2.1 | 41.00 | 115.00 | 156.00 | OK |
Version: 2.1
Check: CRAN incoming feasibility
Result: NOTE
Maintainer: ‘Tianyu Zhang <tianyuz3@andrew.cmu.edu>’
No Authors@R field in DESCRIPTION.
Please add one, modifying
Authors@R: person(given = "Tianyu",
family = "Zhang",
role = c("aut", "cre"),
email = "tianyuz3@andrew.cmu.edu")
as necessary.
The Description field contains
methods can be found in: <arXiv:2206.02994>
<arXiv:2104.00846><arXiv:2310.12140>.
Please refer to arXiv e-prints via their arXiv DOI <doi:10.48550/arXiv.YYMM.NNNNN>.
Found the following \keyword or \concept entries
which likely give several index terms:
File ‘Sieve-package.Rd’:
\keyword{sieve estimation; estimation using orthog [TRUNCATED]
Flavors: r-devel-linux-x86_64-debian-clang, r-devel-linux-x86_64-debian-gcc