CRAN Package Check Results for Package SigOptR

Last updated on 2025-04-29 13:51:40 CEST.

Flavor Version Tinstall Tcheck Ttotal Status Flags
r-devel-linux-x86_64-debian-clang 0.0.1 1.81 17.28 19.09 NOTE
r-devel-linux-x86_64-debian-gcc 0.0.1 1.48 14.74 16.22 NOTE
r-devel-linux-x86_64-fedora-clang 0.0.1 29.65 OK
r-devel-linux-x86_64-fedora-gcc 0.0.1 29.84 OK
r-devel-windows-x86_64 0.0.1 3.00 38.00 41.00 OK
r-patched-linux-x86_64 0.0.1 1.85 16.64 18.49 OK
r-release-linux-x86_64 0.0.1 1.71 16.68 18.39 OK
r-release-macos-arm64 0.0.1 16.00 OK
r-release-macos-x86_64 0.0.1 23.00 OK
r-release-windows-x86_64 0.0.1 3.00 42.00 45.00 OK
r-oldrel-macos-arm64 0.0.1 17.00 NOTE
r-oldrel-macos-x86_64 0.0.1 20.00 NOTE
r-oldrel-windows-x86_64 0.0.1 4.00 39.00 43.00 NOTE

Check Details

Version: 0.0.1
Check: CRAN incoming feasibility
Result: NOTE Maintainer: ‘Alexandra Johnson <alexandra@sigopt.com>’ No Authors@R field in DESCRIPTION. Please add one, modifying Authors@R: person(given = "Alexandra", family = "Johnson", role = c("aut", "cre"), email = "alexandra@sigopt.com") as necessary. Flavors: r-devel-linux-x86_64-debian-clang, r-devel-linux-x86_64-debian-gcc

Version: 0.0.1
Check: LazyData
Result: NOTE 'LazyData' is specified without a 'data' directory Flavors: r-oldrel-macos-arm64, r-oldrel-macos-x86_64, r-oldrel-windows-x86_64