CRAN Package Check Results for Package Simile

Last updated on 2025-04-29 13:51:40 CEST.

Flavor Version Tinstall Tcheck Ttotal Status Flags
r-devel-linux-x86_64-debian-clang 1.3.4 1.92 26.81 28.73 NOTE
r-devel-linux-x86_64-debian-gcc 1.3.4 1.80 20.97 22.77 NOTE
r-devel-linux-x86_64-fedora-clang 1.3.4 44.51 OK
r-devel-linux-x86_64-fedora-gcc 1.3.4 44.27 OK
r-devel-windows-x86_64 1.3.4 3.00 47.00 50.00 OK
r-patched-linux-x86_64 1.3.4 2.40 25.20 27.60 OK
r-release-linux-x86_64 1.3.4 2.18 25.30 27.48 OK
r-release-macos-arm64 1.3.4 25.00 OK
r-release-macos-x86_64 1.3.4 40.00 OK
r-release-windows-x86_64 1.3.4 3.00 48.00 51.00 OK
r-oldrel-macos-arm64 1.3.4 27.00 OK
r-oldrel-macos-x86_64 1.3.4 103.00 OK
r-oldrel-windows-x86_64 1.3.3 4.00 46.00 50.00 OK

Check Details

Version: 1.3.4
Check: examples
Result: NOTE Examples with CPU (user + system) or elapsed time > 5s user system elapsed Simile-package 5.82 0.236 7.342 Flavor: r-devel-linux-x86_64-debian-clang

Version: 1.3.4
Check: examples
Result: NOTE Examples with CPU (user + system) or elapsed time > 5s user system elapsed Simile-package 3.948 0.193 5.689 Flavor: r-devel-linux-x86_64-debian-gcc