CRAN Package Check Results for Package SorptionAnalysis

Last updated on 2025-04-29 13:51:41 CEST.

Flavor Version Tinstall Tcheck Ttotal Status Flags
r-devel-linux-x86_64-debian-clang 0.1.0 1.61 16.53 18.14 NOTE
r-devel-linux-x86_64-debian-gcc 0.1.0 1.33 13.85 15.18 NOTE
r-devel-linux-x86_64-fedora-clang 0.1.0 28.39 OK
r-devel-linux-x86_64-fedora-gcc 0.1.0 28.95 OK
r-devel-windows-x86_64 0.1.0 3.00 35.00 38.00 OK
r-patched-linux-x86_64 0.1.0 1.80 16.18 17.98 OK
r-release-linux-x86_64 0.1.0 1.61 16.09 17.70 OK
r-release-macos-arm64 0.1.0 14.00 OK
r-release-macos-x86_64 0.1.0 21.00 OK
r-release-windows-x86_64 0.1.0 3.00 36.00 39.00 OK
r-oldrel-macos-arm64 0.1.0 13.00 NOTE
r-oldrel-macos-x86_64 0.1.0 18.00 NOTE
r-oldrel-windows-x86_64 0.1.0 2.00 35.00 37.00 NOTE

Check Details

Version: 0.1.0
Check: CRAN incoming feasibility
Result: NOTE Maintainer: ‘Aurnov Chattopadhyay <aurnovcy@gmail.com>’ No Authors@R field in DESCRIPTION. Please add one, modifying Authors@R: person(given = "Aurnov", family = "Chattopadhyay", role = c("aut", "cre"), email = "aurnovcy@gmail.com") as necessary. Flavors: r-devel-linux-x86_64-debian-clang, r-devel-linux-x86_64-debian-gcc

Version: 0.1.0
Check: LazyData
Result: NOTE 'LazyData' is specified without a 'data' directory Flavors: r-oldrel-macos-arm64, r-oldrel-macos-x86_64, r-oldrel-windows-x86_64