CRAN Package Check Results for Package SpaCCI

Last updated on 2025-04-30 01:50:38 CEST.

Flavor Version Tinstall Tcheck Ttotal Status Flags
r-devel-linux-x86_64-debian-clang 1.0.3 46.21 200.66 246.87 OK
r-devel-linux-x86_64-debian-gcc 1.0.3 31.00 134.56 165.56 OK
r-devel-linux-x86_64-fedora-clang 1.0.3 415.63 OK
r-devel-linux-x86_64-fedora-gcc 1.0.3 402.03 OK
r-devel-windows-x86_64 1.0.3 52.00 198.00 250.00 OK
r-patched-linux-x86_64 1.0.3 45.35 188.48 233.83 OK
r-release-linux-x86_64 1.0.3 47.84 187.65 235.49 OK
r-release-macos-arm64 1.0.3 92.00 OK
r-release-macos-x86_64 1.0.3 168.00 OK
r-release-windows-x86_64 1.0.3 49.00 196.00 245.00 OK
r-oldrel-macos-arm64 1.0.3 100.00 NOTE
r-oldrel-macos-x86_64 1.0.3 198.00 NOTE
r-oldrel-windows-x86_64 1.0.3 62.00 274.00 336.00 NOTE

Check Details

Version: 1.0.3
Check: installed package size
Result: NOTE installed size is 8.3Mb sub-directories of 1Mb or more: extdata 5.9Mb libs 2.0Mb Flavors: r-oldrel-macos-arm64, r-oldrel-macos-x86_64, r-oldrel-windows-x86_64