Last updated on 2025-04-29 13:51:41 CEST.
Flavor | Version | Tinstall | Tcheck | Ttotal | Status | Flags |
---|---|---|---|---|---|---|
r-devel-linux-x86_64-debian-clang | 0.1.1 | 1.43 | 16.33 | 17.76 | NOTE | |
r-devel-linux-x86_64-debian-gcc | 0.1.1 | 1.32 | 13.85 | 15.17 | NOTE | |
r-devel-linux-x86_64-fedora-clang | 0.1.1 | 28.43 | OK | |||
r-devel-linux-x86_64-fedora-gcc | 0.1.1 | 26.51 | OK | |||
r-devel-windows-x86_64 | 0.1.1 | 2.00 | 35.00 | 37.00 | OK | |
r-patched-linux-x86_64 | 0.1.1 | 1.71 | 15.74 | 17.45 | OK | |
r-release-linux-x86_64 | 0.1.1 | 1.47 | 15.82 | 17.29 | OK | |
r-release-macos-arm64 | 0.1.1 | 14.00 | OK | |||
r-release-macos-x86_64 | 0.1.1 | 21.00 | OK | |||
r-release-windows-x86_64 | 0.1.1 | 2.00 | 34.00 | 36.00 | OK | |
r-oldrel-macos-arm64 | 0.1.1 | 13.00 | NOTE | |||
r-oldrel-macos-x86_64 | 0.1.1 | 20.00 | NOTE | |||
r-oldrel-windows-x86_64 | 0.1.1 | 4.00 | 34.00 | 38.00 | NOTE |
Version: 0.1.1
Check: CRAN incoming feasibility
Result: NOTE
Maintainer: ‘Yijun Xie <yijun.xie@uwaterloo.ca>’
No Authors@R field in DESCRIPTION.
Please add one, modifying
Authors@R: person(given = "Yijun",
family = "Xie",
role = c("aut", "cre"),
email = "yijun.xie@uwaterloo.ca")
as necessary.
Flavors: r-devel-linux-x86_64-debian-clang, r-devel-linux-x86_64-debian-gcc
Version: 0.1.1
Check: LazyData
Result: NOTE
'LazyData' is specified without a 'data' directory
Flavors: r-oldrel-macos-arm64, r-oldrel-macos-x86_64, r-oldrel-windows-x86_64