Last updated on 2025-04-29 19:50:48 CEST.
Flavor | Version | Tinstall | Tcheck | Ttotal | Status | Flags |
---|---|---|---|---|---|---|
r-devel-linux-x86_64-debian-clang | 0.4.1 | 18.17 | 184.08 | 202.25 | NOTE | |
r-devel-linux-x86_64-debian-gcc | 0.4.1 | 10.61 | 129.78 | 140.39 | NOTE | |
r-devel-linux-x86_64-fedora-clang | 0.4.1 | 314.20 | OK | |||
r-devel-linux-x86_64-fedora-gcc | 0.4.1 | 308.14 | OK | |||
r-devel-windows-x86_64 | 0.4.1 | 17.00 | 213.00 | 230.00 | OK | |
r-patched-linux-x86_64 | 0.4.1 | 16.19 | 173.49 | 189.68 | OK | |
r-release-linux-x86_64 | 0.4.1 | 14.69 | 172.03 | 186.72 | OK | |
r-release-macos-arm64 | 0.4.1 | 109.00 | OK | |||
r-release-macos-x86_64 | 0.4.1 | 200.00 | OK | |||
r-release-windows-x86_64 | 0.4.1 | 20.00 | 377.00 | 397.00 | OK | |
r-oldrel-macos-arm64 | 0.4.1 | 97.00 | OK | |||
r-oldrel-macos-x86_64 | 0.4.1 | 151.00 | OK | |||
r-oldrel-windows-x86_64 | 0.4.1 | 23.00 | 271.00 | 294.00 | OK |
Version: 0.4.1
Check: CRAN incoming feasibility
Result: NOTE
Maintainer: ‘Andres Villegas <andresmauriciovillegas@gmail.com>’
No Authors@R field in DESCRIPTION.
Please add one, modifying
Authors@R: c(person(given = "Andres",
family = "Villegas",
role = c("aut", "cre"),
email = "andresmauriciovillegas@gmail.com"),
person(given = "Pietro",
family = "Millossovich",
role = "aut",
email = "Pietro.Millossovich.1@city.ac.uk"),
person(given = "Vladimir",
family = "Kaishev",
role = "aut",
email = "Vladimir.Kaishev.1@city.ac.uk"))
as necessary.
Found the following (possibly) invalid file URI:
URI: www.mortality.org
From: man/EWMaleData.Rd
Flavors: r-devel-linux-x86_64-debian-clang, r-devel-linux-x86_64-debian-gcc