Last updated on 2024-06-27 16:49:16 CEST.
Flavor | Version | Tinstall | Tcheck | Ttotal | Status | Flags |
---|---|---|---|---|---|---|
r-devel-linux-x86_64-debian-clang | 1.2.0 | NOTE | ||||
r-devel-linux-x86_64-debian-gcc | 1.2.0 | 648.27 | 234.80 | 883.07 | NOTE | |
r-devel-linux-x86_64-fedora-clang | 1.2.0 | 1261.13 | NOTE | |||
r-devel-linux-x86_64-fedora-gcc | 1.2.0 | 1778.75 | NOTE | |||
r-devel-windows-x86_64 | 1.2.0 | 582.00 | 252.00 | 834.00 | NOTE | |
r-patched-linux-x86_64 | 1.2.0 | 558.62 | 314.04 | 872.66 | NOTE | |
r-release-linux-x86_64 | 1.2.0 | 599.87 | 308.90 | 908.77 | NOTE | |
r-release-macos-arm64 | 1.2.0 | 301.00 | NOTE | |||
r-release-macos-x86_64 | 1.2.0 | 258.00 | NOTE | |||
r-release-windows-x86_64 | 1.2.0 | 605.00 | 245.00 | 850.00 | NOTE | |
r-oldrel-macos-arm64 | 1.2.0 | 360.00 | NOTE | |||
r-oldrel-macos-x86_64 | 1.2.0 | 551.00 | NOTE | |||
r-oldrel-windows-x86_64 | 1.2.0 | 738.00 | 310.00 | 1048.00 | NOTE |
Version: 1.2.0
Check: for GNU extensions in Makefiles
Result: NOTE
GNU make is a SystemRequirements.
Flavors: r-devel-linux-x86_64-debian-clang, r-devel-linux-x86_64-debian-gcc, r-devel-linux-x86_64-fedora-clang, r-devel-linux-x86_64-fedora-gcc, r-devel-windows-x86_64, r-patched-linux-x86_64, r-release-linux-x86_64, r-release-macos-arm64, r-release-macos-x86_64, r-release-windows-x86_64, r-oldrel-macos-arm64, r-oldrel-macos-x86_64, r-oldrel-windows-x86_64
Version: 1.2.0
Check: installed package size
Result: NOTE
installed size is 7.6Mb
sub-directories of 1Mb or more:
libs 6.8Mb
Flavors: r-devel-linux-x86_64-fedora-clang, r-devel-windows-x86_64, r-release-macos-arm64, r-release-macos-x86_64, r-release-windows-x86_64, r-oldrel-macos-arm64, r-oldrel-macos-x86_64, r-oldrel-windows-x86_64
Version: 1.2.0
Check: dependencies in R code
Result: NOTE
Namespaces in Imports field not imported from:
‘RcppParallel’ ‘httr’ ‘latex2exp’ ‘rstantools’ ‘tibble’ ‘tidyverse’
‘utils’
All declared Imports should be used.
Flavors: r-devel-linux-x86_64-fedora-clang, r-devel-linux-x86_64-fedora-gcc