CRAN Package Check Results for Package StempCens

Last updated on 2025-05-17 07:50:34 CEST.

Flavor Version Tinstall Tcheck Ttotal Status Flags
r-devel-linux-x86_64-debian-clang 1.1.0 38.75 94.79 133.54 NOTE
r-devel-linux-x86_64-debian-gcc 1.1.0 26.57 67.78 94.35 NOTE
r-devel-linux-x86_64-fedora-clang 1.1.0 216.22 NOTE
r-devel-linux-x86_64-fedora-gcc 1.1.0 217.77 NOTE
r-devel-windows-x86_64 1.1.0 42.00 119.00 161.00 NOTE
r-patched-linux-x86_64 1.1.0 40.45 88.44 128.89 NOTE
r-release-linux-x86_64 1.1.0 37.92 88.25 126.17 NOTE
r-release-macos-arm64 1.1.0 50.00 NOTE
r-release-macos-x86_64 1.1.0 95.00 NOTE
r-release-windows-x86_64 1.1.0 44.00 120.00 164.00 NOTE
r-oldrel-macos-arm64 1.1.0 50.00 NOTE
r-oldrel-macos-x86_64 1.1.0 78.00 NOTE
r-oldrel-windows-x86_64 1.1.0 51.00 148.00 199.00 NOTE

Check Details

Version: 1.1.0
Check: CRAN incoming feasibility
Result: NOTE Maintainer: ‘Larissa A. Matos <larissa.amatos@gmail.com>’ Package CITATION file contains call(s) to old-style personList() or as.personList(). Please use c() on person objects instead. Package CITATION file contains call(s) to old-style citEntry(). Please use bibentry() instead. Flavors: r-devel-linux-x86_64-debian-clang, r-devel-linux-x86_64-debian-gcc

Version: 1.1.0
Check: C++ specification
Result: NOTE Specified C++11: please drop specification unless essential Flavors: r-devel-linux-x86_64-debian-clang, r-devel-linux-x86_64-debian-gcc, r-devel-linux-x86_64-fedora-clang, r-devel-linux-x86_64-fedora-gcc, r-devel-windows-x86_64, r-patched-linux-x86_64, r-release-linux-x86_64, r-release-macos-arm64, r-release-macos-x86_64, r-release-windows-x86_64, r-oldrel-macos-arm64, r-oldrel-macos-x86_64, r-oldrel-windows-x86_64

Version: 1.1.0
Check: package subdirectories
Result: NOTE Problems with news in ‘NEWS.md’: No news entries found. Flavors: r-devel-linux-x86_64-debian-clang, r-devel-linux-x86_64-debian-gcc, r-devel-linux-x86_64-fedora-clang, r-devel-linux-x86_64-fedora-gcc, r-devel-windows-x86_64, r-patched-linux-x86_64, r-release-linux-x86_64, r-release-macos-arm64, r-release-macos-x86_64, r-release-windows-x86_64, r-oldrel-macos-arm64, r-oldrel-macos-x86_64, r-oldrel-windows-x86_64