Last updated on 2025-04-29 13:51:42 CEST.
Flavor | Version | Tinstall | Tcheck | Ttotal | Status | Flags |
---|---|---|---|---|---|---|
r-devel-linux-x86_64-debian-clang | 1.0.2 | 1.87 | 18.46 | 20.33 | NOTE | |
r-devel-linux-x86_64-debian-gcc | 1.0.2 | 1.60 | 14.93 | 16.53 | NOTE | |
r-devel-linux-x86_64-fedora-clang | 1.0.2 | 31.45 | OK | |||
r-devel-linux-x86_64-fedora-gcc | 1.0.2 | 29.97 | OK | |||
r-devel-windows-x86_64 | 1.0.2 | 3.00 | 36.00 | 39.00 | OK | |
r-patched-linux-x86_64 | 1.0.2 | 2.06 | 17.71 | 19.77 | OK | |
r-release-linux-x86_64 | 1.0.2 | 1.87 | 17.84 | 19.71 | OK | |
r-release-macos-arm64 | 1.0.2 | 16.00 | OK | |||
r-release-macos-x86_64 | 1.0.2 | 22.00 | OK | |||
r-release-windows-x86_64 | 1.0.2 | 3.00 | 37.00 | 40.00 | OK | |
r-oldrel-macos-arm64 | 1.0.2 | 14.00 | OK | |||
r-oldrel-macos-x86_64 | 1.0.2 | 20.00 | OK | |||
r-oldrel-windows-x86_64 | 1.0.2 | 2.00 | 35.00 | 37.00 | OK |
Version: 1.0.2
Check: CRAN incoming feasibility
Result: NOTE
Maintainer: ‘Alessandro Barbiero <alessandro.barbiero@unimi.it>’
No Authors@R field in DESCRIPTION.
Please add one, modifying
Authors@R: c(person(given = "Alessandro",
family = "Barbiero",
role = c("aut", "cre"),
email = "alessandro.barbiero@unimi.it"),
person(given = "Riccardo",
family = "Inchingolo",
role = "aut",
email = "dott.inchingolo_r@libero.it"))
as necessary.
Flavors: r-devel-linux-x86_64-debian-clang, r-devel-linux-x86_64-debian-gcc