Last updated on 2025-04-29 13:51:42 CEST.
Flavor | Version | Tinstall | Tcheck | Ttotal | Status | Flags |
---|---|---|---|---|---|---|
r-devel-linux-x86_64-debian-clang | 0.2.0 | 4.08 | 35.90 | 39.98 | NOTE | |
r-devel-linux-x86_64-debian-gcc | 0.2.0 | 2.65 | 27.53 | 30.18 | OK | |
r-devel-linux-x86_64-fedora-clang | 0.2.0 | 63.14 | OK | |||
r-devel-linux-x86_64-fedora-gcc | 0.2.0 | 58.95 | OK | |||
r-devel-windows-x86_64 | 0.2.0 | 5.00 | 52.00 | 57.00 | OK | |
r-patched-linux-x86_64 | 0.2.0 | 3.05 | 34.78 | 37.83 | OK | |
r-release-linux-x86_64 | 0.2.0 | 2.96 | 35.18 | 38.14 | OK | |
r-release-macos-arm64 | 0.2.0 | 22.00 | OK | |||
r-release-macos-x86_64 | 0.2.0 | 37.00 | OK | |||
r-release-windows-x86_64 | 0.2.0 | 5.00 | 53.00 | 58.00 | OK | |
r-oldrel-macos-arm64 | 0.2.0 | 20.00 | OK | |||
r-oldrel-macos-x86_64 | 0.2.0 | 32.00 | OK | |||
r-oldrel-windows-x86_64 | 0.2.0 | 7.00 | 62.00 | 69.00 | OK |
Version: 0.2.0
Check: examples
Result: NOTE
Examples with CPU (user + system) or elapsed time > 5s
user system elapsed
supmz 4.747 0.028 6.469
Flavor: r-devel-linux-x86_64-debian-clang