Last updated on 2025-04-29 19:50:48 CEST.
Flavor | Version | Tinstall | Tcheck | Ttotal | Status | Flags |
---|---|---|---|---|---|---|
r-devel-linux-x86_64-debian-clang | 2.0.1 | 24.20 | 228.25 | 252.45 | NOTE | |
r-devel-linux-x86_64-debian-gcc | 2.0.1 | 16.02 | 143.90 | 159.92 | NOTE | |
r-devel-linux-x86_64-fedora-clang | 2.0.1 | 407.84 | OK | |||
r-devel-linux-x86_64-fedora-gcc | 2.0.1 | 394.08 | OK | |||
r-devel-windows-x86_64 | 2.0.1 | 22.00 | 173.00 | 195.00 | OK | |
r-patched-linux-x86_64 | 2.0.1 | 22.60 | 218.98 | 241.58 | OK | |
r-release-linux-x86_64 | 2.0.1 | 24.02 | 217.85 | 241.87 | OK | |
r-release-macos-arm64 | 2.0.1 | 81.00 | OK | |||
r-release-macos-x86_64 | 2.0.1 | 190.00 | OK | |||
r-release-windows-x86_64 | 2.0.1 | 24.00 | 182.00 | 206.00 | OK | |
r-oldrel-macos-arm64 | 2.0.1 | 80.00 | OK | |||
r-oldrel-macos-x86_64 | 2.0.1 | 141.00 | OK | |||
r-oldrel-windows-x86_64 | 2.0.1 | 31.00 | 257.00 | 288.00 | OK |
Version: 2.0.1
Check: examples
Result: NOTE
Examples with CPU (user + system) or elapsed time > 5s
user system elapsed
tortoise 15.708 0.055 19.026
Flavor: r-devel-linux-x86_64-debian-clang
Version: 2.0.1
Check: examples
Result: NOTE
Examples with CPU (user + system) or elapsed time > 5s
user system elapsed
tortoise 9.099 0.051 11.354
Flavor: r-devel-linux-x86_64-debian-gcc