CRAN Package Check Results for Package SurveyCC

Last updated on 2025-04-29 13:51:42 CEST.

Flavor Version Tinstall Tcheck Ttotal Status Flags
r-devel-linux-x86_64-debian-clang 0.2.1 2.27 27.78 30.05 NOTE
r-devel-linux-x86_64-debian-gcc 0.2.1 1.58 22.27 23.85 OK
r-devel-linux-x86_64-fedora-clang 0.2.1 50.86 OK
r-devel-linux-x86_64-fedora-gcc 0.2.1 45.42 OK
r-devel-windows-x86_64 0.2.1 5.00 48.00 53.00 OK
r-patched-linux-x86_64 0.2.1 2.38 26.32 28.70 OK
r-release-linux-x86_64 0.2.1 2.05 26.41 28.46 OK
r-release-macos-arm64 0.2.1 20.00 OK
r-release-macos-x86_64 0.2.1 29.00 OK
r-release-windows-x86_64 0.2.1 4.00 47.00 51.00 OK
r-oldrel-macos-arm64 0.2.1 20.00 OK
r-oldrel-macos-x86_64 0.2.1 37.00 OK
r-oldrel-windows-x86_64 0.2.1 5.00 53.00 58.00 OK

Check Details

Version: 0.2.1
Check: examples
Result: NOTE Examples with CPU (user + system) or elapsed time > 5s user system elapsed plot.surveycc 3.396 0.222 5.325 Flavor: r-devel-linux-x86_64-debian-clang