CRAN Package Check Results for Package TDAstats

Last updated on 2025-07-18 07:49:49 CEST.

Flavor Version Tinstall Tcheck Ttotal Status Flags
r-devel-linux-x86_64-debian-clang 0.4.1 15.27 75.32 90.59 NOTE
r-devel-linux-x86_64-debian-gcc 0.4.1 11.22 55.84 67.06 NOTE
r-devel-linux-x86_64-fedora-clang 0.4.1 142.12 NOTE
r-devel-linux-x86_64-fedora-gcc 0.4.1 151.94 NOTE
r-devel-windows-x86_64 0.4.1 20.00 167.00 187.00 NOTE
r-patched-linux-x86_64 0.4.1 14.59 71.09 85.68 NOTE
r-release-linux-x86_64 0.4.1 14.08 71.45 85.53 NOTE
r-release-macos-arm64 0.4.1 73.00 NOTE
r-release-macos-x86_64 0.4.1 91.00 NOTE
r-release-windows-x86_64 0.4.1 21.00 112.00 133.00 NOTE
r-oldrel-macos-arm64 0.4.1 52.00 NOTE
r-oldrel-macos-x86_64 0.4.1 74.00 NOTE
r-oldrel-windows-x86_64 0.4.1 23.00 208.00 231.00 NOTE

Check Details

Version: 0.4.1
Check: CRAN incoming feasibility
Result: NOTE Maintainer: ‘Raoul Wadhwa <raoulwadhwa@gmail.com>’ Package CITATION file contains call(s) to old-style citEntry(). Please use bibentry() instead. Flavors: r-devel-linux-x86_64-debian-clang, r-devel-linux-x86_64-debian-gcc

Version: 0.4.1
Check: C++ specification
Result: NOTE Specified C++11: please drop specification unless essential Flavors: r-devel-linux-x86_64-debian-clang, r-devel-linux-x86_64-debian-gcc, r-devel-linux-x86_64-fedora-clang, r-devel-linux-x86_64-fedora-gcc, r-devel-windows-x86_64, r-patched-linux-x86_64, r-release-linux-x86_64, r-release-macos-arm64, r-release-macos-x86_64, r-release-windows-x86_64, r-oldrel-macos-arm64, r-oldrel-macos-x86_64, r-oldrel-windows-x86_64