CRAN Package Check Results for Package TDPanalysis

Last updated on 2025-11-16 06:49:59 CET.

Flavor Version Tinstall Tcheck Ttotal Status Flags
r-devel-linux-x86_64-debian-clang 1.0 1.89 25.40 27.29 NOTE
r-devel-linux-x86_64-debian-gcc 1.0 1.76 20.95 22.71 NOTE
r-devel-linux-x86_64-fedora-clang 1.0 41.56 OK
r-devel-linux-x86_64-fedora-gcc 1.0 40.15 OK
r-devel-windows-x86_64 1.0 4.00 43.00 47.00 OK
r-patched-linux-x86_64 1.0 2.25 24.09 26.34 OK
r-release-linux-x86_64 1.0 2.27 24.21 26.48 OK
r-release-macos-arm64 1.0 1.00 19.00 20.00 OK
r-release-macos-x86_64 1.0 2.00 27.00 29.00 OK
r-release-windows-x86_64 1.0 3.00 45.00 48.00 OK
r-oldrel-macos-arm64 1.0 1.00 16.00 17.00 OK
r-oldrel-macos-x86_64 1.0 2.00 23.00 25.00 OK
r-oldrel-windows-x86_64 1.0 4.00 49.00 53.00 OK

Check Details

Version: 1.0
Check: CRAN incoming feasibility
Result: NOTE Maintainer: ‘Maxime Durand <duran1211@gmail.com>’ No Authors@R field in DESCRIPTION. Please add one, modifying Authors@R: person(given = "Maxime", family = "Durand", role = c("aut", "cre"), email = "duran1211@gmail.com") as necessary. Flavors: r-devel-linux-x86_64-debian-clang, r-devel-linux-x86_64-debian-gcc