Last updated on 2025-04-29 13:51:42 CEST.
Flavor | Version | Tinstall | Tcheck | Ttotal | Status | Flags |
---|---|---|---|---|---|---|
r-devel-linux-x86_64-debian-clang | 0.0.6 | 2.43 | 19.17 | 21.60 | NOTE | |
r-devel-linux-x86_64-debian-gcc | 0.0.6 | 1.71 | 15.42 | 17.13 | NOTE | |
r-devel-linux-x86_64-fedora-clang | 0.0.6 | 33.34 | OK | |||
r-devel-linux-x86_64-fedora-gcc | 0.0.6 | 30.97 | OK | |||
r-devel-windows-x86_64 | 0.0.6 | 4.00 | 41.00 | 45.00 | OK | |
r-patched-linux-x86_64 | 0.0.6 | 2.52 | 18.01 | 20.53 | OK | |
r-release-linux-x86_64 | 0.0.6 | 2.02 | 18.32 | 20.34 | OK | |
r-release-macos-arm64 | 0.0.6 | 16.00 | OK | |||
r-release-macos-x86_64 | 0.0.6 | 24.00 | OK | |||
r-release-windows-x86_64 | 0.0.6 | 3.00 | 41.00 | 44.00 | OK | |
r-oldrel-macos-arm64 | 0.0.6 | 15.00 | OK | |||
r-oldrel-macos-x86_64 | 0.0.6 | 21.00 | OK | |||
r-oldrel-windows-x86_64 | 0.0.6 | 4.00 | 41.00 | 45.00 | OK |
Version: 0.0.6
Check: CRAN incoming feasibility
Result: NOTE
Maintainer: ‘Guangchuang Yu <guangchuangyu@gmail.com>’
Package CITATION file contains call(s) to old-style citEntry(). Please
use bibentry() instead.
Flavors: r-devel-linux-x86_64-debian-clang, r-devel-linux-x86_64-debian-gcc