Last updated on 2025-07-18 07:49:49 CEST.
Flavor | Version | Tinstall | Tcheck | Ttotal | Status | Flags |
---|---|---|---|---|---|---|
r-devel-linux-x86_64-debian-clang | 1.1.0 | 10.18 | 143.92 | 154.10 | NOTE | |
r-devel-linux-x86_64-debian-gcc | 1.1.0 | 6.56 | 102.87 | 109.43 | NOTE | |
r-devel-linux-x86_64-fedora-clang | 1.1.0 | 227.27 | OK | |||
r-devel-linux-x86_64-fedora-gcc | 1.1.0 | 238.12 | OK | |||
r-devel-windows-x86_64 | 1.1.0 | 12.00 | 313.00 | 325.00 | OK | |
r-patched-linux-x86_64 | 1.1.0 | 9.99 | 135.16 | 145.15 | OK | |
r-release-linux-x86_64 | 1.1.0 | 8.91 | 136.69 | 145.60 | OK | |
r-release-macos-arm64 | 1.1.0 | 68.00 | OK | |||
r-release-macos-x86_64 | 1.1.0 | 135.00 | OK | |||
r-release-windows-x86_64 | 1.1.0 | 11.00 | 337.00 | 348.00 | OK | |
r-oldrel-macos-arm64 | 1.1.0 | 68.00 | NOTE | |||
r-oldrel-macos-x86_64 | 1.1.0 | 110.00 | NOTE | |||
r-oldrel-windows-x86_64 | 1.1.0 | 15.00 | 401.00 | 416.00 | NOTE |
Version: 1.1.0
Check: CRAN incoming feasibility
Result: NOTE
Maintainer: ‘Carlos P. Carmona <perezcarmonacarlos@gmail.com>’
No Authors@R field in DESCRIPTION.
Please add one, modifying
Authors@R: person(given = c("Carlos", "P."),
family = "Carmona",
role = c("aut", "cre"),
email = "perezcarmonacarlos@gmail.com")
as necessary.
Flavors: r-devel-linux-x86_64-debian-clang, r-devel-linux-x86_64-debian-gcc
Version: 1.1.0
Check: LazyData
Result: NOTE
'LazyData' is specified without a 'data' directory
Flavors: r-oldrel-macos-arm64, r-oldrel-macos-x86_64, r-oldrel-windows-x86_64