Last updated on 2024-07-13 11:49:30 CEST.
Flavor | Version | Tinstall | Tcheck | Ttotal | Status | Flags |
---|---|---|---|---|---|---|
r-devel-linux-x86_64-debian-clang | 1.1.0 | 10.28 | 177.93 | 188.21 | NOTE | |
r-devel-linux-x86_64-debian-gcc | 1.1.0 | 8.85 | 129.42 | 138.27 | NOTE | |
r-devel-linux-x86_64-fedora-clang | 1.1.0 | 234.68 | NOTE | |||
r-devel-linux-x86_64-fedora-gcc | 1.1.0 | 236.71 | NOTE | |||
r-devel-windows-x86_64 | 1.1.0 | 11.00 | 142.00 | 153.00 | NOTE | |
r-patched-linux-x86_64 | 1.1.0 | 11.04 | 167.49 | 178.53 | NOTE | |
r-release-linux-x86_64 | 1.1.0 | 10.39 | 164.22 | 174.61 | NOTE | |
r-release-macos-arm64 | 1.1.0 | 68.00 | NOTE | |||
r-release-macos-x86_64 | 1.1.0 | 110.00 | NOTE | |||
r-release-windows-x86_64 | 1.1.0 | 11.00 | 329.00 | 340.00 | NOTE | |
r-oldrel-macos-arm64 | 1.1.0 | 89.00 | NOTE | |||
r-oldrel-macos-x86_64 | 1.1.0 | 122.00 | NOTE | |||
r-oldrel-windows-x86_64 | 1.1.0 | 14.00 | 388.00 | 402.00 | NOTE |
Version: 1.1.0
Check: LazyData
Result: NOTE
'LazyData' is specified without a 'data' directory
Flavors: r-devel-linux-x86_64-debian-clang, r-devel-linux-x86_64-debian-gcc, r-devel-linux-x86_64-fedora-clang, r-devel-linux-x86_64-fedora-gcc, r-devel-windows-x86_64, r-patched-linux-x86_64, r-release-linux-x86_64, r-release-macos-arm64, r-release-macos-x86_64, r-release-windows-x86_64, r-oldrel-macos-arm64, r-oldrel-macos-x86_64, r-oldrel-windows-x86_64