Last updated on 2025-04-30 01:50:40 CEST.
Flavor | Version | Tinstall | Tcheck | Ttotal | Status | Flags |
---|---|---|---|---|---|---|
r-devel-linux-x86_64-debian-clang | 1.0 | 17.69 | 134.72 | 152.41 | NOTE | |
r-devel-linux-x86_64-debian-gcc | 1.0 | 12.13 | 91.67 | 103.80 | OK | |
r-devel-linux-x86_64-fedora-clang | 1.0 | 238.53 | OK | |||
r-devel-linux-x86_64-fedora-gcc | 1.0 | 215.24 | OK | |||
r-devel-windows-x86_64 | 1.0 | 16.00 | 228.00 | 244.00 | OK | |
r-patched-linux-x86_64 | 1.0 | 14.43 | 127.23 | 141.66 | OK | |
r-release-linux-x86_64 | 1.0 | 15.24 | 124.80 | 140.04 | OK | |
r-release-macos-arm64 | 1.0 | 62.00 | OK | |||
r-release-macos-x86_64 | 1.0 | 134.00 | OK | |||
r-release-windows-x86_64 | 1.0 | 16.00 | 130.00 | 146.00 | OK | |
r-oldrel-macos-arm64 | 1.0 | 73.00 | OK | |||
r-oldrel-macos-x86_64 | 1.0 | 98.00 | OK | |||
r-oldrel-windows-x86_64 | 1.0 | 22.00 | 162.00 | 184.00 | OK |
Version: 1.0
Check: examples
Result: NOTE
Examples with CPU (user + system) or elapsed time > 5s
user system elapsed
featureSelect 4.633 0.06 6.369
Flavor: r-devel-linux-x86_64-debian-clang