CRAN Package Check Results for Package TSMSN

Last updated on 2025-10-03 04:49:48 CEST.

Flavor Version Tinstall Tcheck Ttotal Status Flags
r-devel-linux-x86_64-debian-clang 0.0.1 2.94 25.21 28.15 OK
r-devel-linux-x86_64-debian-gcc 0.0.1 2.08 19.45 21.53 OK
r-devel-linux-x86_64-fedora-clang 0.0.1 41.58 OK
r-devel-linux-x86_64-fedora-gcc 0.0.1 39.74 OK
r-devel-windows-x86_64 0.0.1 4.00 52.00 56.00 OK
r-patched-linux-x86_64 0.0.1 2.90 23.66 26.56 OK
r-release-linux-x86_64 0.0.1 2.95 23.77 26.72 OK
r-release-macos-arm64 0.0.1 28.00 OK
r-release-macos-x86_64 0.0.1 30.00 OK
r-release-windows-x86_64 0.0.1 5.00 44.00 49.00 OK
r-oldrel-macos-arm64 0.0.1 19.00 NOTE
r-oldrel-macos-x86_64 0.0.1 27.00 NOTE
r-oldrel-windows-x86_64 0.0.1 6.00 49.00 55.00 NOTE

Check Details

Version: 0.0.1
Check: LazyData
Result: NOTE 'LazyData' is specified without a 'data' directory Flavors: r-oldrel-macos-arm64, r-oldrel-macos-x86_64, r-oldrel-windows-x86_64