Last updated on 2025-04-29 13:51:44 CEST.
Flavor | Version | Tinstall | Tcheck | Ttotal | Status | Flags |
---|---|---|---|---|---|---|
r-devel-linux-x86_64-debian-clang | 1.3.4-5 | 23.09 | 47.30 | 70.39 | NOTE | |
r-devel-linux-x86_64-debian-gcc | 1.3.4-5 | 14.11 | 33.83 | 47.94 | NOTE | |
r-devel-linux-x86_64-fedora-clang | 1.3.4-5 | 106.20 | OK | |||
r-devel-linux-x86_64-fedora-gcc | 1.3.4-5 | 98.74 | OK | |||
r-devel-windows-x86_64 | 1.3.4-5 | 31.00 | 80.00 | 111.00 | OK | |
r-patched-linux-x86_64 | 1.3.4-5 | 19.48 | 45.73 | 65.21 | OK | |
r-release-linux-x86_64 | 1.3.4-5 | 18.15 | 45.26 | 63.41 | OK | |
r-release-macos-arm64 | 1.3.4-5 | 38.00 | OK | |||
r-release-macos-x86_64 | 1.3.4-5 | 55.00 | OK | |||
r-release-windows-x86_64 | 1.3.4-5 | 32.00 | 78.00 | 110.00 | OK | |
r-oldrel-macos-arm64 | 1.3.4-5 | 34.00 | OK | |||
r-oldrel-macos-x86_64 | 1.3.4-5 | 44.00 | OK | |||
r-oldrel-windows-x86_64 | 1.3.4-5 | 29.00 | 77.00 | 106.00 | OK |
Version: 1.3.4-5
Check: CRAN incoming feasibility
Result: NOTE
Maintainer: ‘Masami Saga <msaga@mtb.biglobe.ne.jp>’
No Authors@R field in DESCRIPTION.
Please add one, modifying
Authors@R: c(person(given = c("The", "Institute", "of", "Statistical"),
family = "Mathematics",
role = "aut"),
person(given = c("based", "on", "the", "program", "by", "Genshiro"),
family = "Kitagawa",
role = "aut"),
person(given = "Masami",
family = "Saga",
role = "cre",
email = "msaga@mtb.biglobe.ne.jp"))
as necessary.
Flavors: r-devel-linux-x86_64-debian-clang, r-devel-linux-x86_64-debian-gcc