Last updated on 2025-05-18 14:49:29 CEST.
Flavor | Version | Tinstall | Tcheck | Ttotal | Status | Flags |
---|---|---|---|---|---|---|
r-devel-linux-x86_64-debian-clang | 1.3.2 | 13.18 | 110.32 | 123.50 | OK | |
r-devel-linux-x86_64-debian-gcc | 1.3.2 | 11.08 | 86.76 | 97.84 | OK | |
r-devel-linux-x86_64-fedora-clang | 1.3.2 | 208.57 | OK | |||
r-devel-linux-x86_64-fedora-gcc | 1.3.2 | 202.15 | OK | |||
r-devel-windows-x86_64 | 1.3.2 | 13.00 | 114.00 | 127.00 | OK | |
r-patched-linux-x86_64 | 1.3.2 | 14.22 | 106.30 | 120.52 | OK | |
r-release-linux-x86_64 | 1.3.2 | 12.38 | 104.43 | 116.81 | OK | |
r-release-macos-arm64 | 1.3.2 | 83.00 | OK | |||
r-release-macos-x86_64 | 1.3.1 | 133.00 | NOTE | |||
r-release-windows-x86_64 | 1.3.2 | 16.00 | 113.00 | 129.00 | OK | |
r-oldrel-macos-arm64 | 1.3.2 | 86.00 | OK | |||
r-oldrel-macos-x86_64 | 1.3.2 | 112.00 | OK | |||
r-oldrel-windows-x86_64 | 1.3.1 | 16.00 | 134.00 | 150.00 | NOTE |
Version: 1.3.1
Check: Rd files
Result: NOTE
checkRd: (-1) diss.AR.LPC.CEPS.Rd:39: Lost braces; missing escapes or markup?
39 | If \code{order.x} or {order.y} are \code{NULL}, their respective series will be fitted automatically using a AR model.
| ^
checkRd: (-1) diss.AR.PIC.Rd:31: Lost braces; missing escapes or markup?
31 | If \code{order.x} or {order.y} are \code{NULL}, their respective series will be fitted automatically using a AR model. If \code{permissive} is \code{TRUE} and no AR order is found automatically, an AR order of 1 will be imposed, if this case fails, then no order can be found and the function produces an error.
| ^
Flavors: r-release-macos-x86_64, r-oldrel-windows-x86_64