CRAN Package Check Results for Package TSdist

Last updated on 2025-07-05 13:48:38 CEST.

Flavor Version Tinstall Tcheck Ttotal Status Flags
r-devel-linux-x86_64-debian-clang 3.7.1 13.98 117.60 131.58 NOTE
r-devel-linux-x86_64-debian-gcc 3.7.1 11.64 95.62 107.26 NOTE
r-devel-linux-x86_64-fedora-clang 3.7.1 212.48 NOTE
r-devel-linux-x86_64-fedora-gcc 3.7.1 194.79 NOTE
r-devel-windows-x86_64 3.7.1 17.00 126.00 143.00 NOTE
r-patched-linux-x86_64 3.7.1 13.85 111.18 125.03 NOTE
r-release-linux-x86_64 3.7.1 13.83 110.50 124.33 NOTE
r-release-macos-arm64 3.7.1 85.00 NOTE
r-release-macos-x86_64 3.7.1 120.00 NOTE
r-release-windows-x86_64 3.7.1 19.00 286.00 305.00 NOTE
r-oldrel-macos-arm64 3.7.1 82.00 NOTE
r-oldrel-macos-x86_64 3.7.1 90.00 NOTE
r-oldrel-windows-x86_64 3.7.1 22.00 297.00 319.00 NOTE

Check Details

Version: 3.7.1
Check: CRAN incoming feasibility
Result: NOTE Maintainer: ‘Usue Mori <usue.mori@ehu.eus>’ Package CITATION file contains call(s) to old-style personList() or as.personList(). Please use c() on person objects instead. Package CITATION file contains call(s) to old-style citEntry(). Please use bibentry() instead. Flavors: r-devel-linux-x86_64-debian-clang, r-devel-linux-x86_64-debian-gcc

Version: 3.7.1
Check: Rd files
Result: NOTE checkRd: (-1) example.database2.Rd:18: Lost braces in \itemize; meant \describe ? checkRd: (-1) example.database2.Rd:19: Lost braces in \itemize; meant \describe ? checkRd: (-1) example.database3.Rd:18: Lost braces in \itemize; meant \describe ? checkRd: (-1) example.database3.Rd:19: Lost braces in \itemize; meant \describe ? Flavors: r-devel-linux-x86_64-debian-clang, r-devel-linux-x86_64-debian-gcc, r-devel-linux-x86_64-fedora-clang, r-devel-linux-x86_64-fedora-gcc, r-devel-windows-x86_64, r-patched-linux-x86_64, r-release-linux-x86_64, r-release-macos-arm64, r-release-macos-x86_64, r-release-windows-x86_64, r-oldrel-macos-arm64, r-oldrel-macos-x86_64, r-oldrel-windows-x86_64