Last updated on 2025-10-25 12:50:03 CEST.
| Flavor | Version | Tinstall | Tcheck | Ttotal | Status | Flags |
|---|---|---|---|---|---|---|
| r-devel-linux-x86_64-debian-clang | 1.0.5 | 2.02 | 23.06 | 25.08 | NOTE | |
| r-devel-linux-x86_64-debian-gcc | 1.0.5 | 1.46 | 18.76 | 20.22 | NOTE | |
| r-devel-linux-x86_64-fedora-clang | 1.0.5 | 36.44 | OK | |||
| r-devel-linux-x86_64-fedora-gcc | 1.0.5 | 34.36 | OK | |||
| r-devel-windows-x86_64 | 1.0.5 | 4.00 | 45.00 | 49.00 | OK | |
| r-patched-linux-x86_64 | 1.0.5 | 1.94 | 21.58 | 23.52 | OK | |
| r-release-linux-x86_64 | 1.0.5 | 1.69 | 21.67 | 23.36 | OK | |
| r-release-macos-arm64 | 1.0.5 | 2.00 | 16.00 | 18.00 | OK | |
| r-release-macos-x86_64 | 1.0.5 | 2.00 | 23.00 | 25.00 | OK | |
| r-release-windows-x86_64 | 1.0.5 | 6.00 | 46.00 | 52.00 | OK | |
| r-oldrel-macos-arm64 | 1.0.5 | 1.00 | 16.00 | 17.00 | OK | |
| r-oldrel-macos-x86_64 | 1.0.5 | 1.00 | 19.00 | 20.00 | OK | |
| r-oldrel-windows-x86_64 | 1.0.5 | 3.00 | 46.00 | 49.00 | OK |
Version: 1.0.5
Check: CRAN incoming feasibility
Result: NOTE
Maintainer: ‘Zehang Li <lizehang@uw.edu>’
No Authors@R field in DESCRIPTION.
Please add one, modifying
Authors@R: c(person(given = "Zehang",
family = "Li",
role = c("aut", "cre"),
email = "lizehang@uw.edu"),
person(given = "Tyler",
family = "McCormick",
role = "aut"),
person(given = "Sam",
family = "Clark",
role = "aut"))
as necessary.
Flavors: r-devel-linux-x86_64-debian-clang, r-devel-linux-x86_64-debian-gcc