Last updated on 2024-07-13 11:49:29 CEST.
Flavor | Version | Tinstall | Tcheck | Ttotal | Status | Flags |
---|---|---|---|---|---|---|
r-devel-linux-x86_64-debian-clang | 2.4 | 30.50 | 292.87 | 323.37 | OK | |
r-devel-linux-x86_64-debian-gcc | 2.4 | 25.84 | 212.24 | 238.08 | OK | |
r-devel-linux-x86_64-fedora-clang | 2.4 | 400.41 | OK | |||
r-devel-linux-x86_64-fedora-gcc | 2.4 | 377.55 | OK | |||
r-devel-windows-x86_64 | 2.4 | 28.00 | 199.00 | 227.00 | OK | |
r-patched-linux-x86_64 | 2.4 | 29.48 | 272.36 | 301.84 | OK | |
r-release-linux-x86_64 | 2.4 | 20.27 | 272.31 | 292.58 | OK | |
r-release-macos-arm64 | 2.4 | 105.00 | OK | |||
r-release-macos-x86_64 | 2.4 | 163.00 | OK | |||
r-release-windows-x86_64 | 2.4 | 27.00 | 346.00 | 373.00 | OK | |
r-oldrel-macos-arm64 | 2.4 | 11.00 | ERROR | |||
r-oldrel-macos-x86_64 | 2.4 | 13.00 | ERROR | |||
r-oldrel-windows-x86_64 | 2.4 | 37.00 | 428.00 | 465.00 | OK |
Version: 2.4
Check: package dependencies
Result: ERROR
Package required but not available: ‘microbiome’
See section ‘The DESCRIPTION file’ in the ‘Writing R Extensions’
manual.
Flavors: r-oldrel-macos-arm64, r-oldrel-macos-x86_64