Last updated on 2025-04-29 13:51:43 CEST.
Flavor | Version | Tinstall | Tcheck | Ttotal | Status | Flags |
---|---|---|---|---|---|---|
r-devel-linux-x86_64-debian-clang | 1.0.3 | 2.95 | 20.39 | 23.34 | NOTE | |
r-devel-linux-x86_64-debian-gcc | 1.0.3 | 2.18 | 15.93 | 18.11 | NOTE | |
r-devel-linux-x86_64-fedora-clang | 1.0.3 | 36.29 | OK | |||
r-devel-linux-x86_64-fedora-gcc | 1.0.3 | 34.54 | OK | |||
r-devel-windows-x86_64 | 1.0.3 | 3.00 | 45.00 | 48.00 | OK | |
r-patched-linux-x86_64 | 1.0.3 | 3.13 | 19.77 | 22.90 | OK | |
r-release-linux-x86_64 | 1.0.3 | 2.77 | 19.42 | 22.19 | OK | |
r-release-macos-arm64 | 1.0.3 | 15.00 | OK | |||
r-release-macos-x86_64 | 1.0.3 | 24.00 | OK | |||
r-release-windows-x86_64 | 1.0.3 | 5.00 | 50.00 | 55.00 | OK | |
r-oldrel-macos-arm64 | 1.0.3 | 15.00 | OK | |||
r-oldrel-macos-x86_64 | 1.0.3 | 20.00 | OK | |||
r-oldrel-windows-x86_64 | 1.0.3 | 3.00 | 41.00 | 44.00 | OK |
Version: 1.0.3
Check: CRAN incoming feasibility
Result: NOTE
Maintainer: ‘Junhui Li <junhuili@cau.edu.cn>’
No Authors@R field in DESCRIPTION.
Please add one, modifying
Authors@R: person(given = "Junhui",
family = "Li",
role = c("aut", "cre"),
email = "junhuili@cau.edu.cn")
as necessary.
Flavors: r-devel-linux-x86_64-debian-clang, r-devel-linux-x86_64-debian-gcc