CRAN Package Check Results for Package TotalCopheneticIndex

Last updated on 2025-11-16 06:50:00 CET.

Flavor Version Tinstall Tcheck Ttotal Status Flags
r-devel-linux-x86_64-debian-clang 2.0.1 3.84 37.57 41.41 NOTE
r-devel-linux-x86_64-debian-gcc 2.0.1 2.79 30.07 32.86 NOTE
r-devel-linux-x86_64-fedora-clang 2.0.1 62.22 OK
r-devel-linux-x86_64-fedora-gcc 2.0.1 59.85 OK
r-devel-windows-x86_64 2.0.1 7.00 55.00 62.00 OK
r-patched-linux-x86_64 2.0.1 3.96 36.19 40.15 OK
r-release-linux-x86_64 2.0.1 3.62 36.71 40.33 OK
r-release-macos-arm64 2.0.1 3.00 28.00 31.00 OK
r-release-macos-x86_64 2.0.1 4.00 42.00 46.00 OK
r-release-windows-x86_64 2.0.1 6.00 51.00 57.00 OK
r-oldrel-macos-arm64 2.0.1 3.00 24.00 27.00 OK
r-oldrel-macos-x86_64 2.0.1 4.00 32.00 36.00 OK
r-oldrel-windows-x86_64 2.0.1 7.00 64.00 71.00 OK

Check Details

Version: 2.0.1
Check: CRAN incoming feasibility
Result: NOTE Maintainer: ‘Martin R. Smith <martin.smith@durham.ac.uk>’ Package CITATION file contains call(s) to old-style personList() or as.personList(). Please use c() on person objects instead. Package CITATION file contains call(s) to old-style citEntry(). Please use bibentry() instead. Flavor: r-devel-linux-x86_64-debian-clang

Version: 2.0.1
Check: CRAN incoming feasibility
Result: NOTE Maintainer: ‘Martin R. Smith <martin.smith@durham.ac.uk>’ Package CITATION file contains call(s) to old-style personList() or as.personList(). Please use c() on person objects instead. Package CITATION file contains call(s) to old-style citEntry(). Please use bibentry() instead. The BugReports field in DESCRIPTION has https://github.com/ms609/TreeTools/issues/ which should likely be https://github.com/ms609/TreeTools/issues/issues instead. Flavor: r-devel-linux-x86_64-debian-gcc