CRAN Package Check Results for Package ToxCrit

Last updated on 2025-11-18 20:49:52 CET.

Flavor Version Tinstall Tcheck Ttotal Status Flags
r-devel-linux-x86_64-debian-clang 1.0 1.70 20.70 22.40 NOTE
r-devel-linux-x86_64-debian-gcc 1.0 1.28 17.46 18.74 NOTE
r-devel-linux-x86_64-fedora-clang 1.0 34.00 NOTE
r-devel-linux-x86_64-fedora-gcc 1.0 31.91 NOTE
r-devel-windows-x86_64 1.0 3.00 35.00 38.00 NOTE
r-patched-linux-x86_64 1.0 1.62 19.56 21.18 NOTE
r-release-linux-x86_64 1.0 1.72 19.14 20.86 NOTE
r-release-macos-arm64 1.0 1.00 16.00 17.00 NOTE
r-release-macos-x86_64 1.0 2.00 22.00 24.00 NOTE
r-release-windows-x86_64 1.0 3.00 34.00 37.00 NOTE
r-oldrel-macos-arm64 1.0 1.00 14.00 15.00 NOTE
r-oldrel-macos-x86_64 1.0 1.00 18.00 19.00 NOTE
r-oldrel-windows-x86_64 1.0 2.00 37.00 39.00 NOTE

Check Details

Version: 1.0
Check: package subdirectories
Result: NOTE Problems with news in ‘NEWS.md’: No news entries found. Flavors: r-devel-linux-x86_64-debian-clang, r-devel-linux-x86_64-debian-gcc, r-devel-linux-x86_64-fedora-clang, r-devel-linux-x86_64-fedora-gcc, r-devel-windows-x86_64, r-patched-linux-x86_64, r-release-linux-x86_64, r-release-macos-arm64, r-release-macos-x86_64, r-release-windows-x86_64, r-oldrel-macos-arm64, r-oldrel-macos-x86_64, r-oldrel-windows-x86_64