Last updated on 2025-04-29 13:51:43 CEST.
Flavor | Version | Tinstall | Tcheck | Ttotal | Status | Flags |
---|---|---|---|---|---|---|
r-devel-linux-x86_64-debian-clang | 0.1 | 1.72 | 17.30 | 19.02 | NOTE | |
r-devel-linux-x86_64-debian-gcc | 0.1 | 1.41 | 14.44 | 15.85 | NOTE | |
r-devel-linux-x86_64-fedora-clang | 0.1 | 29.49 | OK | |||
r-devel-linux-x86_64-fedora-gcc | 0.1 | 28.50 | OK | |||
r-devel-windows-x86_64 | 0.1 | 2.00 | 40.00 | 42.00 | OK | |
r-patched-linux-x86_64 | 0.1 | 1.75 | 16.81 | 18.56 | OK | |
r-release-linux-x86_64 | 0.1 | 1.67 | 16.72 | 18.39 | OK | |
r-release-macos-arm64 | 0.1 | 17.00 | OK | |||
r-release-macos-x86_64 | 0.1 | 23.00 | OK | |||
r-release-windows-x86_64 | 0.1 | 2.00 | 41.00 | 43.00 | OK | |
r-oldrel-macos-arm64 | 0.1 | 23.00 | OK | |||
r-oldrel-macos-x86_64 | 0.1 | 19.00 | OK | |||
r-oldrel-windows-x86_64 | 0.1 | 2.00 | 41.00 | 43.00 | OK |
Version: 0.1
Check: CRAN incoming feasibility
Result: NOTE
Maintainer: ‘Somenath Sit <somenath.bhu.2010@gmail.com>’
No Authors@R field in DESCRIPTION.
Please add one, modifying
Authors@R: person(given = "Somenath",
family = "Sit",
role = c("aut", "cre"),
email = "somenath.bhu.2010@gmail.com")
as necessary.
Flavors: r-devel-linux-x86_64-debian-clang, r-devel-linux-x86_64-debian-gcc