Last updated on 2024-06-27 16:49:17 CEST.
Flavor | Version | Tinstall | Tcheck | Ttotal | Status | Flags |
---|---|---|---|---|---|---|
r-devel-linux-x86_64-debian-clang | 1.0.1 | OK | ||||
r-devel-linux-x86_64-debian-gcc | 1.0.1 | 3.18 | 45.07 | 48.25 | OK | |
r-devel-linux-x86_64-fedora-clang | 1.0.1 | 79.44 | NOTE | |||
r-devel-linux-x86_64-fedora-gcc | 1.0.1 | 73.13 | NOTE | |||
r-devel-windows-x86_64 | 1.0.1 | 4.00 | 67.00 | 71.00 | OK | |
r-patched-linux-x86_64 | 1.0.1 | 4.31 | 57.04 | 61.35 | OK | |
r-release-linux-x86_64 | 1.0.1 | 3.19 | 57.80 | 60.99 | OK | |
r-release-macos-arm64 | 1.0.1 | 28.00 | OK | |||
r-release-macos-x86_64 | 1.0.1 | 39.00 | OK | |||
r-release-windows-x86_64 | 1.0.1 | 6.00 | 67.00 | 73.00 | OK | |
r-oldrel-macos-arm64 | 1.0.1 | 35.00 | OK | |||
r-oldrel-macos-x86_64 | 1.0.1 | 66.00 | OK | |||
r-oldrel-windows-x86_64 | 1.0.1 | 6.00 | 78.00 | 84.00 | OK |
Version: 1.0.1
Check: data for non-ASCII characters
Result: NOTE
Note: found 3 marked UTF-8 strings
Flavors: r-devel-linux-x86_64-fedora-clang, r-devel-linux-x86_64-fedora-gcc