CRAN Package Check Results for Package TreeTools

Last updated on 2025-11-16 00:48:49 CET.

Flavor Version Tinstall Tcheck Ttotal Status Flags
r-devel-linux-x86_64-debian-clang 2.0.0 73.94 161.59 235.53 OK
r-devel-linux-x86_64-debian-gcc 2.0.0 55.16 115.33 170.49 NOTE
r-devel-linux-x86_64-fedora-clang 2.0.0 178.00 215.64 393.64 OK
r-devel-linux-x86_64-fedora-gcc 2.0.0 156.00 252.36 408.36 OK
r-devel-windows-x86_64 2.0.0 107.00 201.00 308.00 OK
r-patched-linux-x86_64 2.0.0 82.09 154.36 236.45 OK
r-release-linux-x86_64 2.0.0 80.60 153.74 234.34 OK
r-release-macos-arm64 2.0.0 30.00 70.00 100.00 OK
r-release-macos-x86_64 2.0.0 32.00 161.00 193.00 OK
r-release-windows-x86_64 2.0.0 118.00 275.00 393.00 OK
r-oldrel-macos-arm64 2.0.0 43.00 134.00 177.00 NOTE
r-oldrel-macos-x86_64 2.0.0 27.00 172.00 199.00 NOTE
r-oldrel-windows-x86_64 2.0.0 115.00 346.00 461.00 OK

Check Details

Version: 2.0.0
Check: CRAN incoming feasibility
Result: NOTE Maintainer: ‘Martin R. Smith <martin.smith@durham.ac.uk>’ The BugReports field in DESCRIPTION has https://github.com/ms609/TreeTools/issues/ which should likely be https://github.com/ms609/TreeTools/issues/issues instead. Flavor: r-devel-linux-x86_64-debian-gcc

Version: 2.0.0
Check: installed package size
Result: NOTE installed size is 6.7Mb sub-directories of 1Mb or more: R 1.1Mb libs 4.5Mb Flavors: r-oldrel-macos-arm64, r-oldrel-macos-x86_64