Last updated on 2024-07-18 06:57:39 CEST.
Flavor | Version | Tinstall | Tcheck | Ttotal | Status | Flags |
---|---|---|---|---|---|---|
r-devel-linux-x86_64-debian-clang | 1.0 | 9.72 | 113.57 | 123.29 | OK | |
r-devel-linux-x86_64-debian-gcc | 1.0 | 9.09 | 82.42 | 91.51 | OK | |
r-devel-linux-x86_64-fedora-clang | 1.0 | 154.66 | OK | |||
r-devel-linux-x86_64-fedora-gcc | 1.0 | 142.28 | OK | |||
r-devel-windows-x86_64 | 1.0 | 11.00 | 96.00 | 107.00 | NOTE | |
r-patched-linux-x86_64 | 1.0 | 17.47 | 105.86 | 123.33 | OK | |
r-release-linux-x86_64 | 1.0 | 8.49 | 106.13 | 114.62 | OK | |
r-release-macos-arm64 | 1.0 | 42.00 | OK | |||
r-release-macos-x86_64 | 1.0 | 65.00 | OK | |||
r-release-windows-x86_64 | 1.0 | 11.00 | 98.00 | 109.00 | OK | |
r-oldrel-macos-arm64 | 1.0 | 100.00 | OK | |||
r-oldrel-macos-x86_64 | 1.0 | 70.00 | OK | |||
r-oldrel-windows-x86_64 | 1.0 | 15.00 | 116.00 | 131.00 | OK |
Version: 1.0
Check: Rd cross-references
Result: NOTE
Found the following Rd file(s) with Rd \link{} targets missing package
anchors:
check.decomp.Rd: Rssa
Please provide package anchors for all Rd \link{} targets not in the
package itself and the base packages.
Flavor: r-devel-windows-x86_64