Last updated on 2025-11-16 06:50:00 CET.
| Flavor | Version | Tinstall | Tcheck | Ttotal | Status | Flags |
|---|---|---|---|---|---|---|
| r-devel-linux-x86_64-debian-clang | 1.0.0 | 13.48 | 319.33 | 332.81 | OK | |
| r-devel-linux-x86_64-debian-gcc | 1.0.0 | 10.13 | 205.47 | 215.60 | NOTE | |
| r-devel-linux-x86_64-fedora-clang | 1.0.0 | 33.00 | 527.04 | 560.04 | OK | |
| r-devel-linux-x86_64-fedora-gcc | 1.0.0 | 33.00 | 511.10 | 544.10 | OK | |
| r-devel-windows-x86_64 | 1.0.0 | 18.00 | 349.00 | 367.00 | OK | |
| r-patched-linux-x86_64 | 1.0.0 | 15.18 | 306.53 | 321.71 | OK | |
| r-release-linux-x86_64 | 1.0.0 | 12.96 | 307.88 | 320.84 | OK | |
| r-release-macos-arm64 | 1.0.0 | 6.00 | 125.00 | 131.00 | OK | |
| r-release-macos-x86_64 | 1.0.0 | 12.00 | 262.00 | 274.00 | OK | |
| r-release-windows-x86_64 | 1.0.0 | 15.00 | 415.00 | 430.00 | OK | |
| r-oldrel-macos-arm64 | 1.0.0 | 6.00 | 134.00 | 140.00 | OK | |
| r-oldrel-macos-x86_64 | 1.0.0 | 12.00 | 274.00 | 286.00 | OK | |
| r-oldrel-windows-x86_64 | 1.0.0 | 23.00 | 438.00 | 461.00 | OK |
Version: 1.0.0
Check: CRAN incoming feasibility
Result: NOTE
Maintainer: ‘Jason Bryer <jason@bryer.org>’
The BugReports field in DESCRIPTION has
https://github.com/jbryer/TriMatch/issues/
which should likely be
https://github.com/jbryer/TriMatch/issues/issues
instead.
Flavor: r-devel-linux-x86_64-debian-gcc