CRAN Package Check Results for Package TrioSGL

Last updated on 2025-04-29 13:51:43 CEST.

Flavor Version Tinstall Tcheck Ttotal Status Flags
r-devel-linux-x86_64-debian-clang 1.1.0 3.51 18.78 22.29 NOTE
r-devel-linux-x86_64-debian-gcc 1.1.0 2.56 16.04 18.60 NOTE
r-devel-linux-x86_64-fedora-clang 1.1.0 36.91 OK
r-devel-linux-x86_64-fedora-gcc 1.1.0 35.88 OK
r-devel-windows-x86_64 1.1.0 6.00 47.00 53.00 OK
r-patched-linux-x86_64 1.1.0 3.34 18.79 22.13 OK
r-release-linux-x86_64 1.1.0 3.34 18.33 21.67 OK
r-release-macos-arm64 1.1.0 16.00 OK
r-release-macos-x86_64 1.1.0 28.00 OK
r-release-windows-x86_64 1.1.0 6.00 49.00 55.00 OK
r-oldrel-macos-arm64 1.1.0 15.00 OK
r-oldrel-macos-x86_64 1.1.0 24.00 OK
r-oldrel-windows-x86_64 1.1.0 6.00 46.00 52.00 OK

Check Details

Version: 1.1.0
Check: CRAN incoming feasibility
Result: NOTE Maintainer: ‘Timo Stöcker <timo.stoecker@hhu.de>’ No Authors@R field in DESCRIPTION. Please add one, modifying Authors@R: c(person(given = "Timo", family = "Stöcker", role = c("aut", "cre"), email = "timo.stoecker@hhu.de"), person(given = "Noah", family = "Simon", role = "aut"), person(given = "Jerome", family = "Friedman", role = "aut"), person(given = "Trevor", family = "Hastie", role = "aut"), person(given = "Rob", family = "Tibshirani", role = "aut")) as necessary. Flavors: r-devel-linux-x86_64-debian-clang, r-devel-linux-x86_64-debian-gcc