Last updated on 2025-04-29 13:51:43 CEST.
Flavor | Version | Tinstall | Tcheck | Ttotal | Status | Flags |
---|---|---|---|---|---|---|
r-devel-linux-x86_64-debian-clang | 4.0.4 | 1.51 | 15.69 | 17.20 | NOTE | |
r-devel-linux-x86_64-debian-gcc | 4.0.4 | 1.28 | 13.00 | 14.28 | NOTE | |
r-devel-linux-x86_64-fedora-clang | 4.0.4 | 27.11 | OK | |||
r-devel-linux-x86_64-fedora-gcc | 4.0.4 | 26.10 | OK | |||
r-devel-windows-x86_64 | 4.0.4 | 2.00 | 33.00 | 35.00 | OK | |
r-patched-linux-x86_64 | 4.0.4 | 1.64 | 15.19 | 16.83 | OK | |
r-release-linux-x86_64 | 4.0.4 | 1.55 | 15.14 | 16.69 | OK | |
r-release-macos-arm64 | 4.0.4 | 14.00 | OK | |||
r-release-macos-x86_64 | 4.0.4 | 24.00 | OK | |||
r-release-windows-x86_64 | 4.0.4 | 2.00 | 36.00 | 38.00 | OK | |
r-oldrel-macos-arm64 | 4.0.4 | 12.00 | OK | |||
r-oldrel-macos-x86_64 | 4.0.4 | 18.00 | OK | |||
r-oldrel-windows-x86_64 | 4.0.4 | 3.00 | 32.00 | 35.00 | OK |
Version: 4.0.4
Check: CRAN incoming feasibility
Result: NOTE
Maintainer: ‘Somjit Roy <somjit.roy2001@gmail.com>’
No Authors@R field in DESCRIPTION.
Please add one, modifying
Authors@R: person(given = "Somjit",
family = "Roy",
role = c("aut", "cre"),
email = "somjit.roy2001@gmail.com")
as necessary.
Flavors: r-devel-linux-x86_64-debian-clang, r-devel-linux-x86_64-debian-gcc