Last updated on 2025-11-16 18:49:48 CET.
| Flavor | Version | Tinstall | Tcheck | Ttotal | Status | Flags |
|---|---|---|---|---|---|---|
| r-devel-linux-x86_64-debian-clang | 0.2 | 8.80 | 83.89 | 92.69 | OK | |
| r-devel-linux-x86_64-debian-gcc | 0.2 | 7.85 | 60.51 | 68.36 | OK | |
| r-devel-linux-x86_64-fedora-clang | 0.2 | 24.00 | 120.86 | 144.86 | OK | |
| r-devel-linux-x86_64-fedora-gcc | 0.2 | 19.00 | 120.93 | 139.93 | OK | |
| r-devel-windows-x86_64 | 0.2 | 14.00 | 86.00 | 100.00 | OK | |
| r-patched-linux-x86_64 | 0.2 | 11.18 | 79.30 | 90.48 | OK | |
| r-release-linux-x86_64 | 0.2 | 9.70 | 78.85 | 88.55 | OK | |
| r-release-macos-arm64 | 0.2 | 5.00 | 34.00 | 39.00 | OK | |
| r-release-macos-x86_64 | 0.2 | 9.00 | 65.00 | 74.00 | OK | |
| r-release-windows-x86_64 | 0.2 | 10.00 | 91.00 | 101.00 | OK | |
| r-oldrel-macos-arm64 | 0.2 | 5.00 | 31.00 | 36.00 | NOTE | |
| r-oldrel-macos-x86_64 | 0.2 | 7.00 | 53.00 | 60.00 | NOTE | |
| r-oldrel-windows-x86_64 | 0.2 | 15.00 | 206.00 | 221.00 | NOTE |
Version: 0.2
Check: LazyData
Result: NOTE
'LazyData' is specified without a 'data' directory
Flavors: r-oldrel-macos-arm64, r-oldrel-macos-x86_64, r-oldrel-windows-x86_64