Last updated on 2025-04-29 13:51:44 CEST.
Flavor | Version | Tinstall | Tcheck | Ttotal | Status | Flags |
---|---|---|---|---|---|---|
r-devel-linux-x86_64-debian-clang | 0.3.0 | 3.04 | 49.67 | 52.71 | NOTE | |
r-devel-linux-x86_64-debian-gcc | 0.3.0 | 2.28 | 34.19 | 36.47 | NOTE | |
r-devel-linux-x86_64-fedora-clang | 0.3.0 | 89.70 | OK | |||
r-devel-linux-x86_64-fedora-gcc | 0.3.0 | 83.98 | OK | |||
r-devel-windows-x86_64 | 0.3.0 | 3.00 | 70.00 | 73.00 | OK | |
r-patched-linux-x86_64 | 0.3.0 | 3.34 | 48.56 | 51.90 | OK | |
r-release-linux-x86_64 | 0.3.0 | 3.04 | 48.12 | 51.16 | OK | |
r-release-macos-arm64 | 0.3.0 | 27.00 | OK | |||
r-release-macos-x86_64 | 0.3.0 | 38.00 | OK | |||
r-release-windows-x86_64 | 0.3.0 | 4.00 | 70.00 | 74.00 | OK | |
r-oldrel-macos-arm64 | 0.3.0 | 24.00 | OK | |||
r-oldrel-macos-x86_64 | 0.3.0 | 38.00 | OK | |||
r-oldrel-windows-x86_64 | 0.3.0 | 5.00 | 76.00 | 81.00 | OK |
Version: 0.3.0
Check: examples
Result: NOTE
Examples with CPU (user + system) or elapsed time > 5s
user system elapsed
ZIHR 9.591 0.006 14.269
SummaryZIHR 8.071 0.020 12.217
Prediction 7.414 0.073 11.418
Flavor: r-devel-linux-x86_64-debian-clang
Version: 0.3.0
Check: examples
Result: NOTE
Examples with CPU (user + system) or elapsed time > 5s
user system elapsed
ZIHR 5.591 0.047 6.543
SummaryZIHR 4.831 0.209 5.290
Prediction 4.664 0.062 5.648
Flavor: r-devel-linux-x86_64-debian-gcc