Last updated on 2025-04-29 13:51:44 CEST.
Flavor | Version | Tinstall | Tcheck | Ttotal | Status | Flags |
---|---|---|---|---|---|---|
r-devel-linux-x86_64-debian-clang | 1.0.0 | 1.48 | 17.81 | 19.29 | NOTE | |
r-devel-linux-x86_64-debian-gcc | 1.0.0 | 1.39 | 14.64 | 16.03 | NOTE | |
r-devel-linux-x86_64-fedora-clang | 1.0.0 | 30.67 | OK | |||
r-devel-linux-x86_64-fedora-gcc | 1.0.0 | 30.32 | OK | |||
r-devel-windows-x86_64 | 1.0.0 | 2.00 | 40.00 | 42.00 | OK | |
r-patched-linux-x86_64 | 1.0.0 | 1.73 | 17.37 | 19.10 | OK | |
r-release-linux-x86_64 | 1.0.0 | 1.51 | 17.37 | 18.88 | OK | |
r-release-macos-arm64 | 1.0.0 | 13.00 | OK | |||
r-release-macos-x86_64 | 1.0.0 | 22.00 | OK | |||
r-release-windows-x86_64 | 1.0.0 | 2.00 | 42.00 | 44.00 | OK | |
r-oldrel-macos-arm64 | 1.0.0 | 15.00 | OK | |||
r-oldrel-macos-x86_64 | 1.0.0 | 20.00 | OK | |||
r-oldrel-windows-x86_64 | 1.0.0 | 4.00 | 39.00 | 43.00 | OK |
Version: 1.0.0
Check: CRAN incoming feasibility
Result: NOTE
Maintainer: ‘Luc Duchateau <Luc.Duchateau@ugent.be>’
No Authors@R field in DESCRIPTION.
Please add one, modifying
Authors@R: c(person(given = "Hans",
family = "Laevens",
role = "aut"),
person(given = "Luc",
family = "Duchateau",
role = c("aut", "cre"),
email = "luc.duchateau@ugent.be"),
person(given = "Klara",
family = "Goethals",
role = "aut"),
person(given = "Ewoud",
family = "De Troyer",
role = "aut"),
person(given = "Paul",
family = "Janssen",
role = "aut"))
as necessary.
Flavors: r-devel-linux-x86_64-debian-clang, r-devel-linux-x86_64-debian-gcc