CRAN Package Check Results for Package VALIDICLUST

Last updated on 2025-11-16 12:49:48 CET.

Flavor Version Tinstall Tcheck Ttotal Status Flags
r-devel-linux-x86_64-debian-clang 0.1.0 3.41 34.80 38.21 NOTE
r-devel-linux-x86_64-debian-gcc 0.1.0 2.51 26.69 29.20 NOTE
r-devel-linux-x86_64-fedora-clang 0.1.0 56.24 OK
r-devel-linux-x86_64-fedora-gcc 0.1.0 54.99 OK
r-devel-windows-x86_64 0.1.0 8.00 48.00 56.00 OK
r-patched-linux-x86_64 0.1.0 3.66 31.26 34.92 OK
r-release-linux-x86_64 0.1.0 3.30 31.44 34.74 OK
r-release-macos-arm64 0.1.0 2.00 19.00 21.00 OK
r-release-macos-x86_64 0.1.0 3.00 31.00 34.00 OK
r-release-windows-x86_64 0.1.0 5.00 48.00 53.00 OK
r-oldrel-macos-arm64 0.1.0 2.00 18.00 20.00 OK
r-oldrel-macos-x86_64 0.1.0 3.00 26.00 29.00 OK
r-oldrel-windows-x86_64 0.1.0 7.00 150.00 157.00 OK

Check Details

Version: 0.1.0
Check: CRAN incoming feasibility
Result: NOTE Maintainer: ‘Benjamin Hivert <benjamin.hivert@u-bordeaux.fr>’ No Authors@R field in DESCRIPTION. Please add one, modifying Authors@R: person(given = "Benjamin", family = "Hivert", role = c("aut", "cre"), email = "benjamin.hivert@u-bordeaux.fr") as necessary. The Description field contains practical considerations", <arXiv:2210.13172>. Please refer to arXiv e-prints via their arXiv DOI <doi:10.48550/arXiv.YYMM.NNNNN>. Flavors: r-devel-linux-x86_64-debian-clang, r-devel-linux-x86_64-debian-gcc