CRAN Package Check Results for Package VDSPCalibration

Last updated on 2025-04-29 13:51:44 CEST.

Flavor Version Tinstall Tcheck Ttotal Status Flags
r-devel-linux-x86_64-debian-clang 1.0 2.10 19.15 21.25 NOTE
r-devel-linux-x86_64-debian-gcc 1.0 1.59 15.04 16.63 NOTE
r-devel-linux-x86_64-fedora-clang 1.0 34.92 OK
r-devel-linux-x86_64-fedora-gcc 1.0 32.12 OK
r-devel-windows-x86_64 1.0 3.00 37.00 40.00 OK
r-patched-linux-x86_64 1.0 1.91 18.52 20.43 OK
r-release-linux-x86_64 1.0 1.84 18.41 20.25 OK
r-release-macos-arm64 1.0 16.00 OK
r-release-macos-x86_64 1.0 28.00 OK
r-release-windows-x86_64 1.0 3.00 39.00 42.00 OK
r-oldrel-macos-arm64 1.0 13.00 OK
r-oldrel-macos-x86_64 1.0 25.00 OK
r-oldrel-windows-x86_64 1.0 3.00 36.00 39.00 OK

Check Details

Version: 1.0
Check: CRAN incoming feasibility
Result: NOTE Maintainer: ‘Lu Tian <lutian@stanford.edu>’ No Authors@R field in DESCRIPTION. Please add one, modifying Authors@R: c(person(given = "Ramon", family = "Durazo-Arvizu", role = "aut"), person(given = "Chris", family = "Sempos", role = "aut"), person(given = "Lu", family = "Tian", role = c("aut", "cre"), email = "lutian@stanford.edu")) as necessary. Flavors: r-devel-linux-x86_64-debian-clang, r-devel-linux-x86_64-debian-gcc