Last updated on 2025-04-29 13:51:45 CEST.
Flavor | Version | Tinstall | Tcheck | Ttotal | Status | Flags |
---|---|---|---|---|---|---|
r-devel-linux-x86_64-debian-clang | 0.1 | 8.81 | 70.14 | 78.95 | NOTE | |
r-devel-linux-x86_64-debian-gcc | 0.1 | 5.93 | 52.20 | 58.13 | NOTE | |
r-devel-linux-x86_64-fedora-clang | 0.1 | 118.11 | OK | |||
r-devel-linux-x86_64-fedora-gcc | 0.1 | 122.89 | OK | |||
r-devel-windows-x86_64 | 0.1 | 11.00 | 88.00 | 99.00 | OK | |
r-patched-linux-x86_64 | 0.1 | 7.58 | 68.17 | 75.75 | OK | |
r-release-linux-x86_64 | 0.1 | 8.43 | 68.14 | 76.57 | OK | |
r-release-macos-arm64 | 0.1 | 58.00 | OK | |||
r-release-macos-x86_64 | 0.1 | 103.00 | OK | |||
r-release-windows-x86_64 | 0.1 | 10.00 | 94.00 | 104.00 | OK | |
r-oldrel-macos-arm64 | 0.1 | 54.00 | OK | |||
r-oldrel-macos-x86_64 | 0.1 | 77.00 | OK | |||
r-oldrel-windows-x86_64 | 0.1 | 12.00 | 104.00 | 116.00 | OK |
Version: 0.1
Check: CRAN incoming feasibility
Result: NOTE
Maintainer: ‘Zihuai He <zihuai@stanford.edu>’
No Authors@R field in DESCRIPTION.
Please add one, modifying
Authors@R: person(given = "Zihuai",
family = "He",
role = c("aut", "cre"),
email = "zihuai@stanford.edu")
as necessary.
Flavors: r-devel-linux-x86_64-debian-clang, r-devel-linux-x86_64-debian-gcc
Version: 0.1
Check: examples
Result: NOTE
Examples with CPU (user + system) or elapsed time > 5s
user system elapsed
WGScan.Region 4.599 0.349 6.649
Flavor: r-devel-linux-x86_64-debian-clang